{"id":1932,"date":"2025-06-01T12:43:14","date_gmt":"2025-06-01T10:43:14","guid":{"rendered":"https:\/\/profmontaz.cz\/velkoobchod\/?post_type=product&#038;p=1932"},"modified":"2025-11-14T14:27:48","modified_gmt":"2025-11-14T13:27:48","slug":"navazcova-snurka-black-green-20-lb-91kg-10m","status":"publish","type":"product","link":"https:\/\/profmontaz.cz\/velkoobchod\/produkt\/navazcova-snurka-black-green-20-lb-91kg-10m\/","title":{"rendered":"N\u00e1vazcov\u00e1 \u0160\u0148\u016frka Black Green 20 LB 9,1kg .(10m)."},"content":{"rendered":"<div class=\"wpb-content-wrapper\"><p>[vc_row][vc_column]\t\t<div id=\"wd-68f766020abb8\" class=\"wd-text-block wd-wpb reset-last-child wd-rs-68f766020abb8 text-center vc_custom_1761043976821\">\n\t\t\t<p style=\"text-align: left;\">STRONG WAYS Black Green 20 LB 9,1 kg (10 m) &#8211; vyrobeno z kvalitn\u00edch vl\u00e1ken Dyneema vyroben\u00fdch v Japonsku. Vyzna\u010duje se vysokou odolnost\u00ed proti od\u011bru, trvanlivost\u00ed, m\u011bkkost\u00ed a pevnost\u00ed v uzlech. Hlavn\u00ed \u00fa\u010del &#8211; jedn\u00e1 se o samostatnou v\u00fdrobu n\u00e1vazc\u016f pro kapry na vlasov\u00e9 jigy, pro karasy na r\u016fzn\u00e1 krm\u00edtka a zabij\u00e1ky karas\u016f. V nab\u00eddce jsou 3 maskovac\u00ed barvy: \u010dern\u00e1 zelen\u00e1, \u010dern\u00e1 \u017elut\u00e1, \u010dern\u00e1 hn\u011bd\u00e1 a 4 pr\u016fm\u011bry 15lb, 20lb, 25lb a 30lb. D\u00edky tomuto v\u00fdb\u011bru nebude m\u00edt ka\u017ed\u00fd ryb\u00e1\u0159 probl\u00e9m p\u0159izp\u016fsobit materi\u00e1l n\u00e1vazce podm\u00ednk\u00e1m rybolovu a o\u010dek\u00e1van\u00fdm trofej\u00edm, co\u017e ryb\u00e1\u0159i umo\u017en\u00ed realistickou prezentaci n\u00e1strahy.<\/p>\n\t\t<\/div>\n\t\t[\/vc_column][\/vc_row][vc_row][vc_column][vc_column_text css=&#8220;&#8220; woodmart_inline=&#8220;no&#8220; text_larger=&#8220;no&#8220;]<\/p>\n<p>[\/vc_column_text][\/vc_column][\/vc_row]<\/p>\n<\/div>","protected":false},"excerpt":{"rendered":"<p>[vc_row][vc_column][\/vc_column][\/vc_row][vc_row][vc_column][vc_column_text css=&#8220;&#8220; woodmart_inline=&#8220;no&#8220; text_larger=&#8220;no&#8220;] [\/vc_column_text][\/vc_column][\/vc_row]<\/p>\n","protected":false},"featured_media":1951,"template":"","meta":[],"product_brand":[64],"product_cat":[104,106],"product_tag":[],"class_list":{"0":"post-1932","1":"product","2":"type-product","3":"status-publish","4":"has-post-thumbnail","6":"product_brand-profmontaz","7":"product_cat-hotove-navazce-a-montaze","8":"product_cat-navazcova-snurka","10":"first","11":"instock","12":"taxable","13":"shipping-taxable","14":"purchasable","15":"product-type-simple"},"_links":{"self":[{"href":"https:\/\/profmontaz.cz\/velkoobchod\/wp-json\/wp\/v2\/product\/1932","targetHints":{"allow":["GET"]}}],"collection":[{"href":"https:\/\/profmontaz.cz\/velkoobchod\/wp-json\/wp\/v2\/product"}],"about":[{"href":"https:\/\/profmontaz.cz\/velkoobchod\/wp-json\/wp\/v2\/types\/product"}],"wp:featuredmedia":[{"embeddable":true,"href":"https:\/\/profmontaz.cz\/velkoobchod\/wp-json\/wp\/v2\/media\/1951"}],"wp:attachment":[{"href":"https:\/\/profmontaz.cz\/velkoobchod\/wp-json\/wp\/v2\/media?parent=1932"}],"wp:term":[{"taxonomy":"product_brand","embeddable":true,"href":"https:\/\/profmontaz.cz\/velkoobchod\/wp-json\/wp\/v2\/product_brand?post=1932"},{"taxonomy":"product_cat","embeddable":true,"href":"https:\/\/profmontaz.cz\/velkoobchod\/wp-json\/wp\/v2\/product_cat?post=1932"},{"taxonomy":"product_tag","embeddable":true,"href":"https:\/\/profmontaz.cz\/velkoobchod\/wp-json\/wp\/v2\/product_tag?post=1932"}],"curies":[{"name":"wp","href":"https:\/\/api.w.org\/{rel}","templated":true}]}}