{"id":2025,"date":"2025-06-01T14:01:27","date_gmt":"2025-06-01T12:01:27","guid":{"rendered":"https:\/\/profmontaz.cz\/velkoobchod\/?post_type=product&#038;p=2025"},"modified":"2025-11-15T12:08:06","modified_gmt":"2025-11-15T11:08:06","slug":"montaz-leadcore-grippa-60g5-ks-bal","status":"publish","type":"product","link":"https:\/\/profmontaz.cz\/velkoobchod\/produkt\/montaz-leadcore-grippa-60g5-ks-bal\/","title":{"rendered":"Mont\u00e1\u017e Leadcore Grippa"},"content":{"rendered":"<div class=\"wpb-content-wrapper\"><p>[vc_row][vc_column]\t\t<div id=\"wd-68f7b3f01baeb\" class=\"wd-text-block wd-wpb reset-last-child wd-rs-68f7b3f01baeb text-center vc_custom_1761063932972\">\n\t\t\t<p style=\"text-align: left;\" data-start=\"156\" data-end=\"336\">Boilie mont\u00e1\u017e na ledkoru Grippa<\/p>\n<p style=\"text-align: left;\" data-start=\"156\" data-end=\"336\">Hotov\u00e1 mont\u00e1\u017e <strong data-start=\"170\" data-end=\"180\">Grippa<\/strong> je ide\u00e1ln\u00ed volbou pro lov kapr\u016f na siln\u00e9m proudu i klidn\u00e9 vod\u011b. D\u00edky <strong data-start=\"250\" data-end=\"274\">ploch\u00e9mu tvaru olova<\/strong> dr\u017e\u00ed mont\u00e1\u017e pevn\u011b na dn\u011b a m\u016f\u017ee slou\u017eit i jako <strong data-start=\"322\" data-end=\"333\">krm\u00edtko<\/strong>.<\/p>\n<p style=\"text-align: left;\" data-start=\"338\" data-end=\"586\">Mont\u00e1\u017e je sestavena na <strong data-start=\"361\" data-end=\"410\">kvalitn\u00edm klesaj\u00edc\u00edm ledkoru Climax (Germany)<\/strong>, kter\u00fd zabra\u0148uje zamot\u00e1n\u00ed a chr\u00e1n\u00ed mont\u00e1\u017e p\u0159ed po\u0161kozen\u00edm o kameny nebo lastury. <strong data-start=\"492\" data-end=\"515\">H\u00e1\u010dek Kumho (Korea)<\/strong> je mimo\u0159\u00e1dn\u011b ostr\u00fd a spolehliv\u00fd, zaji\u0161\u0165uje vysokou \u00fasp\u011b\u0161nost z\u00e1b\u011br\u016f.<\/p>\n<p style=\"text-align: left;\" data-start=\"588\" data-end=\"763\">Sou\u010d\u00e1st\u00ed je <strong data-start=\"600\" data-end=\"619\">hair-rig mont\u00e1\u017e<\/strong>, kter\u00e1 umo\u017e\u0148uje pou\u017eit\u00ed \u0161irok\u00e9 \u0161k\u00e1ly n\u00e1strah \u2013 <strong data-start=\"667\" data-end=\"718\">boilies, pop-upy, pelety, kuku\u0159ici, masn\u00e9 \u010dervy<\/strong> a dal\u0161\u00ed. Skv\u011bl\u00e1 volba pro ka\u017ed\u00e9ho kapra\u0159e!<\/p>\n\t\t<\/div>\n\t\t[\/vc_column][\/vc_row][vc_row][vc_column][vc_column_text css=&#8220;&#8220; woodmart_inline=&#8220;no&#8220; text_larger=&#8220;no&#8220;]<\/p>\n<p>[\/vc_column_text][\/vc_column][\/vc_row]<\/p>\n<\/div>","protected":false},"excerpt":{"rendered":"<p>[vc_row][vc_column][\/vc_column][\/vc_row][vc_row][vc_column][vc_column_text css=&#8220;&#8220; woodmart_inline=&#8220;no&#8220; text_larger=&#8220;no&#8220;] [\/vc_column_text][\/vc_column][\/vc_row]<\/p>\n","protected":false},"featured_media":2034,"template":"","meta":[],"product_brand":[64],"product_cat":[107,104],"product_tag":[],"class_list":{"0":"post-2025","1":"product","2":"type-product","3":"status-publish","4":"has-post-thumbnail","6":"product_brand-profmontaz","7":"product_cat-hotove-montaze","8":"product_cat-hotove-navazce-a-montaze","10":"first","11":"instock","12":"taxable","13":"shipping-taxable","14":"purchasable","15":"product-type-variable"},"_links":{"self":[{"href":"https:\/\/profmontaz.cz\/velkoobchod\/wp-json\/wp\/v2\/product\/2025","targetHints":{"allow":["GET"]}}],"collection":[{"href":"https:\/\/profmontaz.cz\/velkoobchod\/wp-json\/wp\/v2\/product"}],"about":[{"href":"https:\/\/profmontaz.cz\/velkoobchod\/wp-json\/wp\/v2\/types\/product"}],"wp:featuredmedia":[{"embeddable":true,"href":"https:\/\/profmontaz.cz\/velkoobchod\/wp-json\/wp\/v2\/media\/2034"}],"wp:attachment":[{"href":"https:\/\/profmontaz.cz\/velkoobchod\/wp-json\/wp\/v2\/media?parent=2025"}],"wp:term":[{"taxonomy":"product_brand","embeddable":true,"href":"https:\/\/profmontaz.cz\/velkoobchod\/wp-json\/wp\/v2\/product_brand?post=2025"},{"taxonomy":"product_cat","embeddable":true,"href":"https:\/\/profmontaz.cz\/velkoobchod\/wp-json\/wp\/v2\/product_cat?post=2025"},{"taxonomy":"product_tag","embeddable":true,"href":"https:\/\/profmontaz.cz\/velkoobchod\/wp-json\/wp\/v2\/product_tag?post=2025"}],"curies":[{"name":"wp","href":"https:\/\/api.w.org\/{rel}","templated":true}]}}