{"id":2108,"date":"2025-06-01T15:10:20","date_gmt":"2025-06-01T13:10:20","guid":{"rendered":"https:\/\/profmontaz.cz\/velkoobchod\/?post_type=product&#038;p=2108"},"modified":"2025-11-15T12:13:21","modified_gmt":"2025-11-15T11:13:21","slug":"montaz-leadcore-with-loops-l-70%d1%81m-45lb-3ks-5ks-bal","status":"publish","type":"product","link":"https:\/\/profmontaz.cz\/velkoobchod\/produkt\/montaz-leadcore-with-loops-l-70%d1%81m-45lb-3ks-5ks-bal\/","title":{"rendered":"Mont\u00e1\u017e Leadcore With Loops, L-70\u0441m, 45LB"},"content":{"rendered":"<div class=\"wpb-content-wrapper\"><p>[vc_row][vc_column]\t\t<div id=\"wd-68f8a8afd1e3a\" class=\"wd-text-block wd-wpb reset-last-child wd-rs-68f8a8afd1e3a text-center vc_custom_1761126595263\">\n\t\t\t<article class=\"text-token-text-primary w-full focus:outline-none [--shadow-height:45px] has-data-writing-block:pointer-events-none has-data-writing-block:-mt-(--shadow-height) has-data-writing-block:pt-(--shadow-height) [&amp;:has([data-writing-block])&gt;*]:pointer-events-auto scroll-mt-[calc(var(--header-height)+min(200px,max(70px,20svh)))]\" dir=\"auto\" tabindex=\"-1\" data-turn-id=\"request-WEB:a8313f9a-f01a-4e7d-8d95-24d3051b078a-1\" data-testid=\"conversation-turn-4\" data-scroll-anchor=\"true\" data-turn=\"assistant\">\n<div class=\"text-base my-auto mx-auto pb-10 [--thread-content-margin:--spacing(4)] thread-sm:[--thread-content-margin:--spacing(6)] thread-lg:[--thread-content-margin:--spacing(16)] px-(--thread-content-margin)\">\n<div class=\"[--thread-content-max-width:40rem] thread-lg:[--thread-content-max-width:48rem] mx-auto max-w-(--thread-content-max-width) flex-1 group\/turn-messages focus-visible:outline-hidden relative flex w-full min-w-0 flex-col agent-turn\" tabindex=\"-1\">\n<div class=\"flex max-w-full flex-col grow\">\n<div class=\"min-h-8 text-message relative flex w-full flex-col items-end gap-2 text-start break-words whitespace-normal [.text-message+&amp;]:mt-1\" dir=\"auto\" data-message-author-role=\"assistant\" data-message-id=\"fabd9fa5-8a06-452d-b41e-41cfdfd86e7f\" data-message-model-slug=\"gpt-5\">\n<div class=\"flex w-full flex-col gap-1 empty:hidden first:pt-[1px]\">\n<div class=\"markdown prose dark:prose-invert w-full break-words light markdown-new-styling\">\n<p style=\"text-align: left;\" data-start=\"0\" data-end=\"474\" data-is-last-node=\"\" data-is-only-node=\"\"><strong data-start=\"0\" data-end=\"47\" data-is-only-node=\"\">Olov\u011bn\u00e1 \u0161\u0148\u016fra s o\u010dky (L-70 cm, 45LB) (3 ks)<\/strong> \u2013 ur\u010dena pro v\u00fdrobu kaprov\u00fdch mont\u00e1\u017e\u00ed a sestav. Pou\u017eita je kvalitn\u00ed pot\u00e1p\u011bj\u00edc\u00ed se olov\u011bn\u00e1 \u0161\u0148\u016fra Climax (N\u011bmecko) s nosnost\u00ed 45 lb. Barva Camo se dokonale sl\u00e9v\u00e1 s dnem vodn\u00ed n\u00e1dr\u017ee, co\u017e ji \u010din\u00ed pro ryby t\u00e9m\u011b\u0159 neviditelnou. Pro snadn\u011bj\u0161\u00ed mont\u00e1\u017e jsou na obou konc\u00edch \u0161\u0148\u016fry vytvo\u0159ena pevn\u00e1 o\u010dka, kter\u00e1 jsou zalepena vod\u011bodoln\u00fdm lepidlem. D\u00e9lka jednoho n\u00e1vazce je 70 cm, v balen\u00ed jsou t\u0159i hotov\u00e9 olov\u011bn\u00e9 \u0161\u0148\u016fry p\u0159ipraven\u00e9 k pou\u017eit\u00ed.<\/p>\n<\/div>\n<\/div>\n<\/div>\n<\/div>\n<div class=\"z-0 flex min-h-[46px] justify-start\" style=\"text-align: left;\"><\/div>\n<div class=\"mt-3 w-full empty:hidden\" style=\"text-align: left;\">\n<div class=\"text-center\"><\/div>\n<\/div>\n<\/div>\n<\/div>\n<\/article>\n<div class=\"pointer-events-none h-px w-px\" style=\"text-align: left;\" aria-hidden=\"true\" data-edge=\"true\"><\/div>\n\t\t<\/div>\n\t\t[\/vc_column][\/vc_row][vc_row][vc_column][vc_column_text css=&#8220;&#8220; woodmart_inline=&#8220;no&#8220; text_larger=&#8220;no&#8220;]<\/p>\n<p>[\/vc_column_text][\/vc_column][\/vc_row]<\/p>\n<\/div>","protected":false},"excerpt":{"rendered":"<p>[vc_row][vc_column][\/vc_column][\/vc_row][vc_row][vc_column][vc_column_text css=&#8220;&#8220; woodmart_inline=&#8220;no&#8220; text_larger=&#8220;no&#8220;] [\/vc_column_text][\/vc_column][\/vc_row]<\/p>\n","protected":false},"featured_media":2109,"template":"","meta":[],"product_brand":[64],"product_cat":[107,104],"product_tag":[],"class_list":{"0":"post-2108","1":"product","2":"type-product","3":"status-publish","4":"has-post-thumbnail","6":"product_brand-profmontaz","7":"product_cat-hotove-montaze","8":"product_cat-hotove-navazce-a-montaze","10":"first","11":"instock","12":"taxable","13":"shipping-taxable","14":"purchasable","15":"product-type-simple"},"_links":{"self":[{"href":"https:\/\/profmontaz.cz\/velkoobchod\/wp-json\/wp\/v2\/product\/2108","targetHints":{"allow":["GET"]}}],"collection":[{"href":"https:\/\/profmontaz.cz\/velkoobchod\/wp-json\/wp\/v2\/product"}],"about":[{"href":"https:\/\/profmontaz.cz\/velkoobchod\/wp-json\/wp\/v2\/types\/product"}],"wp:featuredmedia":[{"embeddable":true,"href":"https:\/\/profmontaz.cz\/velkoobchod\/wp-json\/wp\/v2\/media\/2109"}],"wp:attachment":[{"href":"https:\/\/profmontaz.cz\/velkoobchod\/wp-json\/wp\/v2\/media?parent=2108"}],"wp:term":[{"taxonomy":"product_brand","embeddable":true,"href":"https:\/\/profmontaz.cz\/velkoobchod\/wp-json\/wp\/v2\/product_brand?post=2108"},{"taxonomy":"product_cat","embeddable":true,"href":"https:\/\/profmontaz.cz\/velkoobchod\/wp-json\/wp\/v2\/product_cat?post=2108"},{"taxonomy":"product_tag","embeddable":true,"href":"https:\/\/profmontaz.cz\/velkoobchod\/wp-json\/wp\/v2\/product_tag?post=2108"}],"curies":[{"name":"wp","href":"https:\/\/api.w.org\/{rel}","templated":true}]}}