{"id":2121,"date":"2025-06-02T11:46:56","date_gmt":"2025-06-02T09:46:56","guid":{"rendered":"https:\/\/profmontaz.cz\/velkoobchod\/?post_type=product&#038;p=2121"},"modified":"2025-11-15T15:01:09","modified_gmt":"2025-11-15T14:01:09","slug":"penova-nastraha-101-dancing-fish-45-ks-bal","status":"publish","type":"product","link":"https:\/\/profmontaz.cz\/velkoobchod\/produkt\/penova-nastraha-101-dancing-fish-45-ks-bal\/","title":{"rendered":"P\u011bnov\u00e1 n\u00e1straha 101 Dancing Fish 4&#8243; (5 kusy\/bal) (Cena je za kus)"},"content":{"rendered":"<div class=\"wpb-content-wrapper\"><p>[vc_row][vc_column]\t\t<div id=\"wd-683d7336499d9\" class=\"wd-text-block wd-wpb reset-last-child wd-rs-683d7336499d9 text-center vc_custom_1748857657531\">\n\t\t\t<p>Dancing Fish 4\u201e #101 (5ks) &#8211; vyr\u00e1b\u00ed se ve dvou velikostech 3,5\u201c a 4&#8243; z kvalitn\u00ed a pru\u017en\u00e9 p\u011bny. Ocas m\u00e1 vodorovnou polohu a vzd\u00e1len\u011b p\u0159ipom\u00edn\u00e1 ploutev. D\u00edky \u010demu\u017e p\u0159i animaci n\u00e1straha p\u0159edv\u00e1d\u00ed v\u00fdraznou hru ocasu ve vertik\u00e1ln\u00ed rovin\u011b.<\/p>\n<p>P\u0159i pauz\u00e1ch zauj\u00edm\u00e1 n\u00e1straha vertik\u00e1ln\u00ed polohu &#8211; imituje krmen\u00ed rybky, na dravce p\u016fsob\u00ed bleskov\u011b a provokuje jist\u00fd z\u00e1b\u011br. Pou\u017eit\u00ed Dancing Fish je nejvhodn\u011bj\u0161\u00ed p\u0159i lovu dravc\u016f \u017eij\u00edc\u00edch u dna, jako je cand\u00e1t, sumec nebo \u0161tika. N\u00e1straha je stejn\u011b \u00fa\u010dinn\u00e1 jak ve stojat\u00e9 vod\u011b, tak v proudu. Umo\u017e\u0148uje pou\u017eit\u00ed jak\u00e9hokoli typu z\u00e1t\u011b\u017ee, ale nejl\u00e9pe odhal\u00ed sv\u00e9 p\u0159ednosti se z\u00e1t\u011b\u017e\u00ed typu excentr a Dancing Rig.<\/p>\n<p>Paleta barev zahrnuje 15 testovan\u00fdch variant sv\u00edt\u00edc\u00edch v ultrafialov\u00e9m sv\u011btle. Rybka je upevn\u011bna na kvalitn\u00edm dvojit\u00e9m h\u00e1\u010dku, \u017eihadla jsou pevn\u011b p\u0159itisknuta k t\u011blu, tak\u017ee Dancing Fish je n\u00e1straha \u010d. 1 pro lov v n\u00e1strah\u00e1ch.<\/p>\n\t\t<\/div>\n\t\t[\/vc_column][\/vc_row][vc_row][vc_column][vc_column_text css=&#8220;&#8220; woodmart_inline=&#8220;no&#8220; text_larger=&#8220;no&#8220;]<\/p>\n<p>[\/vc_column_text][\/vc_column][\/vc_row]<\/p>\n<\/div>","protected":false},"excerpt":{"rendered":"<p>[vc_row][vc_column][\/vc_column][\/vc_row][vc_row][vc_column][vc_column_text css=&#8220;&#8220; woodmart_inline=&#8220;no&#8220; text_larger=&#8220;no&#8220;] [\/vc_column_text][\/vc_column][\/vc_row]<\/p>\n","protected":false},"featured_media":2122,"template":"","meta":[],"product_brand":[64],"product_cat":[112,111],"product_tag":[],"class_list":{"0":"post-2121","1":"product","2":"type-product","3":"status-publish","4":"has-post-thumbnail","6":"product_brand-profmontaz","7":"product_cat-penova-nastraha","8":"product_cat-vlaceci-nastrahy","10":"first","11":"instock","12":"taxable","13":"shipping-taxable","14":"purchasable","15":"product-type-simple"},"_links":{"self":[{"href":"https:\/\/profmontaz.cz\/velkoobchod\/wp-json\/wp\/v2\/product\/2121","targetHints":{"allow":["GET"]}}],"collection":[{"href":"https:\/\/profmontaz.cz\/velkoobchod\/wp-json\/wp\/v2\/product"}],"about":[{"href":"https:\/\/profmontaz.cz\/velkoobchod\/wp-json\/wp\/v2\/types\/product"}],"wp:featuredmedia":[{"embeddable":true,"href":"https:\/\/profmontaz.cz\/velkoobchod\/wp-json\/wp\/v2\/media\/2122"}],"wp:attachment":[{"href":"https:\/\/profmontaz.cz\/velkoobchod\/wp-json\/wp\/v2\/media?parent=2121"}],"wp:term":[{"taxonomy":"product_brand","embeddable":true,"href":"https:\/\/profmontaz.cz\/velkoobchod\/wp-json\/wp\/v2\/product_brand?post=2121"},{"taxonomy":"product_cat","embeddable":true,"href":"https:\/\/profmontaz.cz\/velkoobchod\/wp-json\/wp\/v2\/product_cat?post=2121"},{"taxonomy":"product_tag","embeddable":true,"href":"https:\/\/profmontaz.cz\/velkoobchod\/wp-json\/wp\/v2\/product_tag?post=2121"}],"curies":[{"name":"wp","href":"https:\/\/api.w.org\/{rel}","templated":true}]}}