{"id":2198,"date":"2025-06-02T13:55:12","date_gmt":"2025-06-02T11:55:12","guid":{"rendered":"https:\/\/profmontaz.cz\/velkoobchod\/?post_type=product&#038;p=2198"},"modified":"2025-11-15T15:15:11","modified_gmt":"2025-11-15T14:15:11","slug":"penova-nastraha-505-dancing-tail-42-ks-bal","status":"publish","type":"product","link":"https:\/\/profmontaz.cz\/velkoobchod\/produkt\/penova-nastraha-505-dancing-tail-42-ks-bal\/","title":{"rendered":"P\u011bnov\u00e1 n\u00e1straha 505 Dancing tail 4&#8243; (2 kusy\/bal) (Cena je za kus)"},"content":{"rendered":"<div class=\"wpb-content-wrapper\"><p>[vc_row][vc_column]\t\t<div id=\"wd-683d9135c0301\" class=\"wd-text-block wd-wpb reset-last-child wd-rs-683d9135c0301 text-center vc_custom_1748865337370\">\n\t\t\t<p>P\u011bnov\u00fd twister Dancing tail 4&#8243; #505 (2 ks) &#8211; jedine\u010dn\u00e1 n\u00e1vnada mezi rybami z p\u011bnov\u00e9 gumy, d\u00edky inovativn\u00edmu vybaven\u00ed a vytrval\u00e9 pr\u00e1ci v\u00fdvoj\u00e1\u0159\u016f ProfMontazh byla poprv\u00e9 na sv\u011bt\u011b z p\u011bnov\u00e9 gumy k dispozici takov\u00e1 n\u00e1vnada jako twister. Jak se na twistery slu\u0161\u00ed, m\u00e1 Dansing Tail srpovit\u00fd, zato\u010den\u00fd ocas, vytv\u00e1\u0159\u00ed rovn\u00e9 pohyby ocasu, p\u0159i animaci dr\u00e1tov\u00e1n\u00ed, zat\u00e1\u010den\u00ed, zat\u00e1\u010den\u00ed, silueta Dansing Tail p\u0159ipom\u00edn\u00e1 masit\u00e9ho \u010derva, na kter\u00e9m se tou\u017e\u00ed pop\u00e1st cand\u00e1t, \u0161tika nebo okoun. Vyr\u00e1b\u00ed se ve dvou velikostech 3,5 a 4 palce a m\u00e1 paletu 15 osv\u011bd\u010den\u00fdch barev, kter\u00e9 z\u00e1\u0159\u00ed v ultrafialov\u00e9m sv\u011btle. N\u00e1vnada je vybavena vysoce kvalitn\u00edm dvojit\u00fdm h\u00e1\u010dkem Origin, jeho p\u0159itla\u010den\u00ed k n\u00e1stavci je bezpe\u010dn\u00e9. podvodn\u00ed hou\u0161tiny a z\u00e1drhely, bez obav z necht\u011bn\u00fdch z\u00e1drhel\u016f.<\/p>\n<p>Nejlep\u0161\u00ed animac\u00ed Dansing Tail je klidn\u00fd krok dr\u00e1tov\u00e1n\u00ed nebo ta\u017een\u00ed po dn\u011b &#8211; to jsou dva dr\u00e1ty, kter\u00fdmi byste m\u011bli za\u010d\u00edt, ale na\u0161e rada pro v\u00e1s: nezastavujte se jen u nich, kl\u00ed\u010dem k \u00fasp\u011bchu jsou jak\u00e9koliv ryb\u00e1\u0159sk\u00e9 experimenty.<\/p>\n\t\t<\/div>\n\t\t[\/vc_column][\/vc_row][vc_row][vc_column][vc_column_text css=&#8220;&#8220; woodmart_inline=&#8220;no&#8220; text_larger=&#8220;no&#8220;]<\/p>\n<p>[\/vc_column_text][\/vc_column][\/vc_row]<\/p>\n<\/div>","protected":false},"excerpt":{"rendered":"<p>[vc_row][vc_column][\/vc_column][\/vc_row][vc_row][vc_column][vc_column_text css=&#8220;&#8220; woodmart_inline=&#8220;no&#8220; text_larger=&#8220;no&#8220;] [\/vc_column_text][\/vc_column][\/vc_row]<\/p>\n","protected":false},"featured_media":2199,"template":"","meta":[],"product_brand":[64],"product_cat":[112,111],"product_tag":[],"class_list":{"0":"post-2198","1":"product","2":"type-product","3":"status-publish","4":"has-post-thumbnail","6":"product_brand-profmontaz","7":"product_cat-penova-nastraha","8":"product_cat-vlaceci-nastrahy","10":"first","11":"instock","12":"taxable","13":"shipping-taxable","14":"purchasable","15":"product-type-simple"},"_links":{"self":[{"href":"https:\/\/profmontaz.cz\/velkoobchod\/wp-json\/wp\/v2\/product\/2198","targetHints":{"allow":["GET"]}}],"collection":[{"href":"https:\/\/profmontaz.cz\/velkoobchod\/wp-json\/wp\/v2\/product"}],"about":[{"href":"https:\/\/profmontaz.cz\/velkoobchod\/wp-json\/wp\/v2\/types\/product"}],"wp:featuredmedia":[{"embeddable":true,"href":"https:\/\/profmontaz.cz\/velkoobchod\/wp-json\/wp\/v2\/media\/2199"}],"wp:attachment":[{"href":"https:\/\/profmontaz.cz\/velkoobchod\/wp-json\/wp\/v2\/media?parent=2198"}],"wp:term":[{"taxonomy":"product_brand","embeddable":true,"href":"https:\/\/profmontaz.cz\/velkoobchod\/wp-json\/wp\/v2\/product_brand?post=2198"},{"taxonomy":"product_cat","embeddable":true,"href":"https:\/\/profmontaz.cz\/velkoobchod\/wp-json\/wp\/v2\/product_cat?post=2198"},{"taxonomy":"product_tag","embeddable":true,"href":"https:\/\/profmontaz.cz\/velkoobchod\/wp-json\/wp\/v2\/product_tag?post=2198"}],"curies":[{"name":"wp","href":"https:\/\/api.w.org\/{rel}","templated":true}]}}