{"id":2244,"date":"2025-06-02T14:35:03","date_gmt":"2025-06-02T12:35:03","guid":{"rendered":"https:\/\/profmontaz.cz\/velkoobchod\/?post_type=product&#038;p=2244"},"modified":"2025-11-15T16:20:11","modified_gmt":"2025-11-15T15:20:11","slug":"nastraha-mandula-903-mini-80mm-32","status":"publish","type":"product","link":"https:\/\/profmontaz.cz\/velkoobchod\/produkt\/nastraha-mandula-903-mini-80mm-32\/","title":{"rendered":"N\u00e1straha Mandula 903 (mini) (80mm) 3,2&#8243;"},"content":{"rendered":"<div class=\"wpb-content-wrapper\"><p>[vc_row][vc_column]\t\t<div id=\"wd-683d9ac62a221\" class=\"wd-text-block wd-wpb reset-last-child wd-rs-683d9ac62a221 text-center vc_custom_1748867785331\">\n\t\t\t<p>Mandula Classic Mini 3,2&#8243; (#903) &#8211; vyrobeno ze 3 kulov\u00fdch segment\u016f. Ka\u017ed\u00fd segment je k sob\u011b p\u0159ipevn\u011bn pevn\u00fdm nerezov\u00fdm dr\u00e1tem o pr\u016fm\u011bru #0,8. Cel\u00e1 \u0159ada Classic je spolehliv\u00e1 a v\u00fdkonn\u00e1. Vybavena dv\u011bma ostr\u00fdmi odpali\u0161ti \u010d\u00edslo 2 a 4. Ozdoba na ocasu je vyrobena z vysoce kvalitn\u00edho lurexu, kter\u00fd je nav\u00edc ve f\u00e1zi v\u00fdroby manduly uvoln\u011bn ru\u010dn\u011b.<\/p>\n<p>Modelov\u00e1 \u0159ada obsahuje 14 osv\u011bd\u010den\u00fdch kontrastn\u00edch barev. Velikost manduly 80 mm je univerz\u00e1ln\u00ed, tak\u017ee Classic Mini 3.2 se dob\u0159e hod\u00ed pro lov r\u016fzn\u00fdch dravc\u016f: cand\u00e1ta, \u0161tiky, okouna, sumce a dokonce i osina. Ve v\u011bt\u0161in\u011b p\u0159\u00edpad\u016f se ve dnech absolutn\u00ed apatie dravce st\u00e1v\u00e1 zachr\u00e1ncem ryb\u00e1\u0159\u016f pr\u00e1v\u011b mandula Classic Mini 3,2&#8243;. N\u00e1straha je perfektn\u011b vyv\u00e1\u017een\u00e1 &#8211; je tedy stejn\u011b \u00fa\u010dinn\u00e1 jak na jezerech, n\u00e1dr\u017e\u00edch, tak na \u0159ek\u00e1ch. Je zcela nen\u00e1ro\u010dn\u00e1 na typ a v\u00e1hu z\u00e1t\u011b\u017ee &#8211; dob\u0159e funguje na skl\u00e1dac\u00edm a jig\u00e1gov\u00e9m lovu na jiggarku a na z\u00e1t\u011b\u017ei.<\/p>\n\t\t<\/div>\n\t\t[\/vc_column][\/vc_row][vc_row][vc_column][vc_column_text css=&#8220;&#8220; woodmart_inline=&#8220;no&#8220; text_larger=&#8220;no&#8220;]<\/p>\n<p>[\/vc_column_text][\/vc_column][\/vc_row]<\/p>\n<\/div>","protected":false},"excerpt":{"rendered":"<p>[vc_row][vc_column][\/vc_column][\/vc_row][vc_row][vc_column][vc_column_text css=&#8220;&#8220; woodmart_inline=&#8220;no&#8220; text_larger=&#8220;no&#8220;] [\/vc_column_text][\/vc_column][\/vc_row]<\/p>\n","protected":false},"featured_media":2245,"template":"","meta":[],"product_brand":[64],"product_cat":[111,113],"product_tag":[],"class_list":{"0":"post-2244","1":"product","2":"type-product","3":"status-publish","4":"has-post-thumbnail","6":"product_brand-profmontaz","7":"product_cat-vlaceci-nastrahy","8":"product_cat-vlaceci-nastrahy-mandula","10":"first","11":"instock","12":"taxable","13":"shipping-taxable","14":"purchasable","15":"product-type-simple"},"_links":{"self":[{"href":"https:\/\/profmontaz.cz\/velkoobchod\/wp-json\/wp\/v2\/product\/2244","targetHints":{"allow":["GET"]}}],"collection":[{"href":"https:\/\/profmontaz.cz\/velkoobchod\/wp-json\/wp\/v2\/product"}],"about":[{"href":"https:\/\/profmontaz.cz\/velkoobchod\/wp-json\/wp\/v2\/types\/product"}],"wp:featuredmedia":[{"embeddable":true,"href":"https:\/\/profmontaz.cz\/velkoobchod\/wp-json\/wp\/v2\/media\/2245"}],"wp:attachment":[{"href":"https:\/\/profmontaz.cz\/velkoobchod\/wp-json\/wp\/v2\/media?parent=2244"}],"wp:term":[{"taxonomy":"product_brand","embeddable":true,"href":"https:\/\/profmontaz.cz\/velkoobchod\/wp-json\/wp\/v2\/product_brand?post=2244"},{"taxonomy":"product_cat","embeddable":true,"href":"https:\/\/profmontaz.cz\/velkoobchod\/wp-json\/wp\/v2\/product_cat?post=2244"},{"taxonomy":"product_tag","embeddable":true,"href":"https:\/\/profmontaz.cz\/velkoobchod\/wp-json\/wp\/v2\/product_tag?post=2244"}],"curies":[{"name":"wp","href":"https:\/\/api.w.org\/{rel}","templated":true}]}}