{"id":2268,"date":"2025-06-02T14:49:08","date_gmt":"2025-06-02T12:49:08","guid":{"rendered":"https:\/\/profmontaz.cz\/velkoobchod\/?post_type=product&#038;p=2268"},"modified":"2025-11-15T16:35:38","modified_gmt":"2025-11-15T15:35:38","slug":"nastraha-mandula-909-4s100mm-4","status":"publish","type":"product","link":"https:\/\/profmontaz.cz\/velkoobchod\/produkt\/nastraha-mandula-909-4s100mm-4\/","title":{"rendered":"N\u00e1straha Mandula 909 (4S)(100mm) 4&#8243;"},"content":{"rendered":"<div class=\"wpb-content-wrapper\"><p>[vc_row][vc_column]\t\t<div id=\"wd-683d9e04e795e\" class=\"wd-text-block wd-wpb reset-last-child wd-rs-683d9e04e795e text-center vc_custom_1748868616143\">\n\t\t\t<p>Mandula Classic 4S 4&#8243; (#909) &#8211; skl\u00e1d\u00e1 se ze 4 kulovit\u00fdch segment\u016f &#8211; to zaji\u0161\u0165uje n\u00e1vnad\u011b zv\u00fd\u0161enou pohyblivost ve vod\u011b. Je vybavena dv\u011bma ostr\u00fdmi odpali\u0161ti \u010d\u00edsel 2 a 4. Okraj na oc\u00e1sku je vyroben z kvalitn\u00edho lurexu, kter\u00fd je ve f\u00e1zi v\u00fdroby manduly nav\u00edc ru\u010dn\u011b povolov\u00e1n.<\/p>\n<p>Modelov\u00e1 \u0159ada obsahuje 14 osv\u011bd\u010den\u00fdch kontrastn\u00edch barev. Pr\u016fm\u011brn\u00e1 velikost manduly je 10 cm, co\u017e je univerz\u00e1ln\u00ed, tak\u017ee Classic 4s se dob\u0159e hod\u00ed pro lov r\u016fzn\u00fdch dravc\u016f: cand\u00e1ta, \u0161tiky, okouna, sumce a dokonce i osina. Ide\u00e1ln\u00ed vyv\u00e1\u017een\u00ed n\u00e1vnady umo\u017e\u0148uje, aby byla atraktivn\u00ed bez ohledu na p\u0159\u00edtomnost proudu v n\u00e1dr\u017ei. Mandula funguje skv\u011ble na jak\u00fdkoli typ z\u00e1t\u011b\u017ee, dokonce i na skl\u00e1dac\u00ed st\u0159elu nebo Jig &#8211; Rig a neztr\u00e1c\u00ed sv\u00e9 pracovn\u00ed vlastnosti ani p\u0159i v\u00fdrazn\u00e9m p\u0159et\u00ed\u017een\u00ed. V\u0161echny manduly ProfMontazh se vyzna\u010duj\u00ed kvalitou a spolehlivost\u00ed ka\u017ed\u00e9ho prvku, v boji s trofej\u00ed si m\u016f\u017eete b\u00fdt jisti &#8211; Mandula v\u00e1s nezklame.<\/p>\n\t\t<\/div>\n\t\t[\/vc_column][\/vc_row][vc_row][vc_column][vc_column_text css=&#8220;&#8220; woodmart_inline=&#8220;no&#8220; text_larger=&#8220;no&#8220;]<\/p>\n<p>[\/vc_column_text][\/vc_column][\/vc_row]<\/p>\n<\/div>","protected":false},"excerpt":{"rendered":"<p>[vc_row][vc_column][\/vc_column][\/vc_row][vc_row][vc_column][vc_column_text css=&#8220;&#8220; woodmart_inline=&#8220;no&#8220; text_larger=&#8220;no&#8220;] [\/vc_column_text][\/vc_column][\/vc_row]<\/p>\n","protected":false},"featured_media":2269,"template":"","meta":[],"product_brand":[64],"product_cat":[111,113],"product_tag":[],"class_list":{"0":"post-2268","1":"product","2":"type-product","3":"status-publish","4":"has-post-thumbnail","6":"product_brand-profmontaz","7":"product_cat-vlaceci-nastrahy","8":"product_cat-vlaceci-nastrahy-mandula","10":"first","11":"instock","12":"taxable","13":"shipping-taxable","14":"purchasable","15":"product-type-simple"},"_links":{"self":[{"href":"https:\/\/profmontaz.cz\/velkoobchod\/wp-json\/wp\/v2\/product\/2268","targetHints":{"allow":["GET"]}}],"collection":[{"href":"https:\/\/profmontaz.cz\/velkoobchod\/wp-json\/wp\/v2\/product"}],"about":[{"href":"https:\/\/profmontaz.cz\/velkoobchod\/wp-json\/wp\/v2\/types\/product"}],"wp:featuredmedia":[{"embeddable":true,"href":"https:\/\/profmontaz.cz\/velkoobchod\/wp-json\/wp\/v2\/media\/2269"}],"wp:attachment":[{"href":"https:\/\/profmontaz.cz\/velkoobchod\/wp-json\/wp\/v2\/media?parent=2268"}],"wp:term":[{"taxonomy":"product_brand","embeddable":true,"href":"https:\/\/profmontaz.cz\/velkoobchod\/wp-json\/wp\/v2\/product_brand?post=2268"},{"taxonomy":"product_cat","embeddable":true,"href":"https:\/\/profmontaz.cz\/velkoobchod\/wp-json\/wp\/v2\/product_cat?post=2268"},{"taxonomy":"product_tag","embeddable":true,"href":"https:\/\/profmontaz.cz\/velkoobchod\/wp-json\/wp\/v2\/product_tag?post=2268"}],"curies":[{"name":"wp","href":"https:\/\/api.w.org\/{rel}","templated":true}]}}