{"id":2386,"date":"2025-06-03T14:20:19","date_gmt":"2025-06-03T12:20:19","guid":{"rendered":"https:\/\/profmontaz.cz\/velkoobchod\/?post_type=product&#038;p=2386"},"modified":"2025-11-15T17:24:22","modified_gmt":"2025-11-15T16:24:22","slug":"nastraha-plandavka-hruska-kulka-10g-tiger-5ks-bal","status":"publish","type":"product","link":"https:\/\/profmontaz.cz\/velkoobchod\/produkt\/nastraha-plandavka-hruska-kulka-10g-tiger-5ks-bal\/","title":{"rendered":"N\u00e1straha plandavka Hru\u0161ka-Kulka (Tiger)"},"content":{"rendered":"<div class=\"wpb-content-wrapper\"><p>[vc_row][vc_column]\t\t<div id=\"wd-683ee89893276\" class=\"wd-text-block wd-wpb reset-last-child wd-rs-683ee89893276 text-center vc_custom_1748953292216\">\n\t\t\t<p>T\u0159pytka Hru\u0161ka-Kulka TIGER 10g \u2013 m\u00e1 v\u00fdraznou a sytou barvu ve v\u00edt\u011bzn\u00e9 kombinaci \u010derveno-r\u016f\u017eov\u00e9 a zelen\u00e9 s tmav\u00fdm h\u0159betem: to je klasick\u00fd a mnoh\u00fdmi obl\u00edben\u00fd motiv Mat Tiger. T\u0159pytka m\u00e1 odoln\u00fd UV-Activ n\u00e1t\u011br, kter\u00fd vydr\u017e\u00ed souboj s des\u00edtkami \u0161tik a cand\u00e1t\u016f. Nav\u00edc v\u00fdborn\u011b sv\u00edt\u00ed pod UV sv\u011btlem, \u010d\u00edm\u017e vytv\u00e1\u0159\u00ed dodate\u010dn\u00fd dr\u00e1\u017ediv\u00fd efekt a zvy\u0161uje viditelnost pro dravce.<\/p>\n<p>Posunut\u00e9 t\u011b\u017ei\u0161t\u011b sm\u011brem ke spodn\u00ed \u010d\u00e1sti dod\u00e1v\u00e1 n\u00e1straze vynikaj\u00edc\u00ed letov\u00e9 vlastnosti. Trojh\u00e1\u010dek je vybaven v\u00e1lcem z materi\u00e1lu EVA, st\u0159apec je kombinac\u00ed lurexu a vln\u011bn\u00e9 nit\u011b, d\u00edky \u010demu\u017e p\u0159i pauz\u00e1ch b\u011bhem jiggov\u00e9ho veden\u00ed trojh\u00e1\u010dek prov\u00e1d\u00ed pomal\u00e9, dozn\u00edvaj\u00edc\u00ed pohyby.<\/p>\n<p>Hru\u0161ka-kulka \u00fa\u010dinn\u011b l\u00e1k\u00e1 jak zn\u00e1m\u00e9 dravce: cand\u00e1ta, \u0161tiku, okouna, tak i klidn\u00e9 ryby: kapra, karase, tolstolobika, cejna atd. N\u00e1straha je \u00fa\u010dinn\u00e1 po cel\u00fd rok a p\u0159edv\u00e1d\u00ed sv\u016fdnou akci. Aby se zabr\u00e1nilo zamot\u00e1n\u00ed a n\u00e1straha p\u0159edvedla sv\u016fj pln\u00fd potenci\u00e1l, doporu\u010duje se mont\u00e1\u017e s h\u00e1\u010dkem ve sm\u011bru \u0161ikm\u00e9ho \u0159ezu na t\u011ble t\u0159pytky.<\/p>\n<p>T\u0159pytka nen\u00ed n\u00e1ro\u010dn\u00e1 na styl animace \u2013 b\u011b\u017en\u00e9 zved\u00e1n\u00ed nebo stup\u0148ovit\u00fd pohyb v\u00fdborn\u011b provokuj\u00ed v\u011bt\u0161inu ryb. Nezapom\u00ednejte v\u0161ak na pauzy \u2013 v\u011bt\u0161ina z\u00e1b\u011br\u016f p\u0159ich\u00e1z\u00ed pr\u00e1v\u011b v klidov\u00e9 f\u00e1zi u dna. Hru\u0161ka-kulka pracuje stabiln\u011b jak v klidn\u00e9 vod\u011b, tak v proudu.<\/p>\n<p>T\u0159pytka nen\u00ed n\u00e1ro\u010dn\u00e1 na styl animace \u2013 a\u0165 u\u017e jde o klasick\u00e9 zved\u00e1n\u00ed nebo stup\u0148ovit\u00e9 veden\u00ed, kr\u00e1sn\u011b provokuje v\u011bt\u0161inu ryb. Nezapome\u0148te v\u0161ak na pauzy \u2013 v\u011bt\u0161ina z\u00e1b\u011br\u016f p\u0159ich\u00e1z\u00ed pr\u00e1v\u011b u dna. Hru\u0161ka hraje stabiln\u011b jak ve stojat\u00e9 vod\u011b, tak v proudu.<\/p>\n\t\t<\/div>\n\t\t[\/vc_column][\/vc_row][vc_row][vc_column][vc_column_text css=&#8220;&#8220; woodmart_inline=&#8220;no&#8220; text_larger=&#8220;no&#8220;]<\/p>\n<p>[\/vc_column_text][\/vc_column][\/vc_row][vc_row][vc_column][\/vc_column][\/vc_row]<\/p>\n<\/div>","protected":false},"excerpt":{"rendered":"<p>[vc_row][vc_column][\/vc_column][\/vc_row][vc_row][vc_column][vc_column_text css=&#8220;&#8220; woodmart_inline=&#8220;no&#8220; text_larger=&#8220;no&#8220;] [\/vc_column_text][\/vc_column][\/vc_row][vc_row][vc_column][\/vc_column][\/vc_row]<\/p>\n","protected":false},"featured_media":2387,"template":"","meta":[],"product_brand":[64],"product_cat":[115,111],"product_tag":[],"class_list":{"0":"post-2386","1":"product","2":"type-product","3":"status-publish","4":"has-post-thumbnail","6":"product_brand-profmontaz","7":"product_cat-nastraha-plandavka-hruska-kulka","8":"product_cat-vlaceci-nastrahy","10":"first","11":"instock","12":"taxable","13":"shipping-taxable","14":"purchasable","15":"product-type-variable"},"_links":{"self":[{"href":"https:\/\/profmontaz.cz\/velkoobchod\/wp-json\/wp\/v2\/product\/2386","targetHints":{"allow":["GET"]}}],"collection":[{"href":"https:\/\/profmontaz.cz\/velkoobchod\/wp-json\/wp\/v2\/product"}],"about":[{"href":"https:\/\/profmontaz.cz\/velkoobchod\/wp-json\/wp\/v2\/types\/product"}],"wp:featuredmedia":[{"embeddable":true,"href":"https:\/\/profmontaz.cz\/velkoobchod\/wp-json\/wp\/v2\/media\/2387"}],"wp:attachment":[{"href":"https:\/\/profmontaz.cz\/velkoobchod\/wp-json\/wp\/v2\/media?parent=2386"}],"wp:term":[{"taxonomy":"product_brand","embeddable":true,"href":"https:\/\/profmontaz.cz\/velkoobchod\/wp-json\/wp\/v2\/product_brand?post=2386"},{"taxonomy":"product_cat","embeddable":true,"href":"https:\/\/profmontaz.cz\/velkoobchod\/wp-json\/wp\/v2\/product_cat?post=2386"},{"taxonomy":"product_tag","embeddable":true,"href":"https:\/\/profmontaz.cz\/velkoobchod\/wp-json\/wp\/v2\/product_tag?post=2386"}],"curies":[{"name":"wp","href":"https:\/\/api.w.org\/{rel}","templated":true}]}}