{"id":2449,"date":"2025-06-03T15:32:50","date_gmt":"2025-06-03T13:32:50","guid":{"rendered":"https:\/\/profmontaz.cz\/velkoobchod\/?post_type=product&#038;p=2449"},"modified":"2025-11-15T15:34:31","modified_gmt":"2025-11-15T14:34:31","slug":"trojhacek-profmontazh-black-chrome-pm36-2-7-ks-bal-cena-za-baleni","status":"publish","type":"product","link":"https:\/\/profmontaz.cz\/velkoobchod\/produkt\/trojhacek-profmontazh-black-chrome-pm36-2-7-ks-bal-cena-za-baleni\/","title":{"rendered":"Trojh\u00e1\u010dek Profmontazh Black Chrome PM36 #2, (7 ks\/bal) (Cena za balen\u00ed)"},"content":{"rendered":"<div class=\"wpb-content-wrapper\"><p>[vc_row][vc_column]\t\t<div id=\"wd-683efa3c02b0c\" class=\"wd-text-block wd-wpb reset-last-child wd-rs-683efa3c02b0c text-center vc_custom_1748957758580\">\n\t\t\t<p>Trojh\u00e1\u010dek na dravce Black Chrome PM36 je vyroben z vysokopevnostn\u00ed oceli s vysok\u00fdm modulem pru\u017enosti, d\u00edky \u010demu\u017e se vyzna\u010duje vynikaj\u00edc\u00ed pevnost\u00ed a spolehlivost\u00ed. Patentovan\u00e1 technologie Protect Black Chrome poskytuje spolehlivou ochranu proti korozi. Chemicky ost\u0159en\u00fd hrot a tvar Extra Needle Point zaji\u0161\u0165uj\u00ed v\u00fdjime\u010dnou pr\u016fraznost. Spr\u00e1vn\u011b navr\u017een\u00fd oblouk h\u00e1\u010dku umo\u017e\u0148uje bezpe\u010dn\u00e9 udr\u017een\u00ed ryby p\u0159i zdol\u00e1v\u00e1n\u00ed.<\/p>\n<p>Cel\u00e1 s\u00e9rie trojh\u00e1\u010dk\u016f PM36 zahrnuje 6 velikost\u00ed \u2013 od \u010d\u00edsla 2 do 12. Snadno si tak vyberete vhodn\u00fd h\u00e1\u010dek pro sv\u00e9 n\u00e1strahy, mont\u00e1\u017ee, \u017eiv\u00e9 n\u00e1strahy (nap\u0159. p\u0159i lovu na polo\u017eenou) a dal\u0161\u00ed ryb\u00e1\u0159sk\u00e9 pot\u0159eby.<\/p>\n\t\t<\/div>\n\t\t[\/vc_column][\/vc_row]<\/p>\n<\/div>","protected":false},"excerpt":{"rendered":"<p>[vc_row][vc_column][\/vc_column][\/vc_row]<\/p>\n","protected":false},"featured_media":2450,"template":"","meta":[],"product_brand":[64],"product_cat":[109,111],"product_tag":[],"class_list":{"0":"post-2449","1":"product","2":"type-product","3":"status-publish","4":"has-post-thumbnail","6":"product_brand-profmontaz","7":"product_cat-rybarske-trojhacky","8":"product_cat-vlaceci-nastrahy","10":"first","11":"instock","12":"taxable","13":"shipping-taxable","14":"purchasable","15":"product-type-simple"},"_links":{"self":[{"href":"https:\/\/profmontaz.cz\/velkoobchod\/wp-json\/wp\/v2\/product\/2449","targetHints":{"allow":["GET"]}}],"collection":[{"href":"https:\/\/profmontaz.cz\/velkoobchod\/wp-json\/wp\/v2\/product"}],"about":[{"href":"https:\/\/profmontaz.cz\/velkoobchod\/wp-json\/wp\/v2\/types\/product"}],"wp:featuredmedia":[{"embeddable":true,"href":"https:\/\/profmontaz.cz\/velkoobchod\/wp-json\/wp\/v2\/media\/2450"}],"wp:attachment":[{"href":"https:\/\/profmontaz.cz\/velkoobchod\/wp-json\/wp\/v2\/media?parent=2449"}],"wp:term":[{"taxonomy":"product_brand","embeddable":true,"href":"https:\/\/profmontaz.cz\/velkoobchod\/wp-json\/wp\/v2\/product_brand?post=2449"},{"taxonomy":"product_cat","embeddable":true,"href":"https:\/\/profmontaz.cz\/velkoobchod\/wp-json\/wp\/v2\/product_cat?post=2449"},{"taxonomy":"product_tag","embeddable":true,"href":"https:\/\/profmontaz.cz\/velkoobchod\/wp-json\/wp\/v2\/product_tag?post=2449"}],"curies":[{"name":"wp","href":"https:\/\/api.w.org\/{rel}","templated":true}]}}