{"id":2565,"date":"2025-06-03T17:19:26","date_gmt":"2025-06-03T15:19:26","guid":{"rendered":"https:\/\/profmontaz.cz\/velkoobchod\/?post_type=product&#038;p=2565"},"modified":"2025-11-16T19:04:37","modified_gmt":"2025-11-16T18:04:37","slug":"pouzdro-na-navijak-m-16x14x9%d1%81m","status":"publish","type":"product","link":"https:\/\/profmontaz.cz\/velkoobchod\/produkt\/pouzdro-na-navijak-m-16x14x9%d1%81m\/","title":{"rendered":"Pouzdro na navij\u00e1k M &#8211; 16x14x9\u0441m"},"content":{"rendered":"<div class=\"wpb-content-wrapper\"><p>[vc_row][vc_column]\t\t<div id=\"wd-683f138d9b2af\" class=\"wd-text-block wd-wpb reset-last-child wd-rs-683f138d9b2af text-center vc_custom_1748964251658\">\n\t\t\t<p>Polotuh\u00e9 pouzdro na navij\u00e1k M (16\u00d714\u00d79 cm) \u2013 je ur\u010deno pro bezpe\u010dn\u00e9 ulo\u017een\u00ed nebo p\u0159epravu smekac\u00edch a multiplik\u00e1torov\u00fdch navij\u00e1k\u016f. Uvnit\u0159 pouzdra je kapsi\u010dka pro ulo\u017een\u00ed drobnost\u00ed nebo d\u00edl\u016f navij\u00e1ku. Pro pohodln\u00e9 p\u0159en\u00e1\u0161en\u00ed m\u00e1 pouzdro ergonomick\u00e9 dr\u017eadlo. Vyrobeno z odoln\u00e9 tkaniny PVC OXFORD D600.<\/p>\n<p>Pouzdro snadno pojme jak\u00fdkoliv n\u00edzkoprofilov\u00fd multiplik\u00e1tor nebo klasick\u00fd \u201ebarel\u201c do velikosti 300, stejn\u011b tak smekac\u00ed navij\u00e1k a\u017e do velikosti 4000 dle \u010d\u00edslov\u00e1n\u00ed Shimano.<\/p>\n<p>Rozm\u011bry pouzdra: 16\u00d714\u00d79 cm<\/p>\n\t\t<\/div>\n\t\t[\/vc_column][\/vc_row][vc_row][vc_column][vc_column_text css=&#8220;&#8220; woodmart_inline=&#8220;no&#8220; text_larger=&#8220;no&#8220;]<\/p>\n<p>[\/vc_column_text][\/vc_column][\/vc_row]<\/p>\n<\/div>","protected":false},"excerpt":{"rendered":"<p>[vc_row][vc_column][\/vc_column][\/vc_row][vc_row][vc_column][vc_column_text css=&#8220;&#8220; woodmart_inline=&#8220;no&#8220; text_larger=&#8220;no&#8220;] [\/vc_column_text][\/vc_column][\/vc_row]<\/p>\n","protected":false},"featured_media":2566,"template":"","meta":[],"product_brand":[64],"product_cat":[118],"product_tag":[],"class_list":{"0":"post-2565","1":"product","2":"type-product","3":"status-publish","4":"has-post-thumbnail","6":"product_brand-profmontaz","7":"product_cat-tasky-batohy-a-pouzdra","9":"first","10":"instock","11":"taxable","12":"shipping-taxable","13":"purchasable","14":"product-type-simple"},"_links":{"self":[{"href":"https:\/\/profmontaz.cz\/velkoobchod\/wp-json\/wp\/v2\/product\/2565","targetHints":{"allow":["GET"]}}],"collection":[{"href":"https:\/\/profmontaz.cz\/velkoobchod\/wp-json\/wp\/v2\/product"}],"about":[{"href":"https:\/\/profmontaz.cz\/velkoobchod\/wp-json\/wp\/v2\/types\/product"}],"wp:featuredmedia":[{"embeddable":true,"href":"https:\/\/profmontaz.cz\/velkoobchod\/wp-json\/wp\/v2\/media\/2566"}],"wp:attachment":[{"href":"https:\/\/profmontaz.cz\/velkoobchod\/wp-json\/wp\/v2\/media?parent=2565"}],"wp:term":[{"taxonomy":"product_brand","embeddable":true,"href":"https:\/\/profmontaz.cz\/velkoobchod\/wp-json\/wp\/v2\/product_brand?post=2565"},{"taxonomy":"product_cat","embeddable":true,"href":"https:\/\/profmontaz.cz\/velkoobchod\/wp-json\/wp\/v2\/product_cat?post=2565"},{"taxonomy":"product_tag","embeddable":true,"href":"https:\/\/profmontaz.cz\/velkoobchod\/wp-json\/wp\/v2\/product_tag?post=2565"}],"curies":[{"name":"wp","href":"https:\/\/api.w.org\/{rel}","templated":true}]}}