{"id":2593,"date":"2025-06-03T21:22:23","date_gmt":"2025-06-03T19:22:23","guid":{"rendered":"https:\/\/profmontaz.cz\/velkoobchod\/?post_type=product&#038;p=2593"},"modified":"2025-11-16T18:59:37","modified_gmt":"2025-11-16T17:59:37","slug":"pouzdro-na-navazce-rig-box-35%d1%81m-khaki-barva","status":"publish","type":"product","link":"https:\/\/profmontaz.cz\/velkoobchod\/produkt\/pouzdro-na-navazce-rig-box-35%d1%81m-khaki-barva\/","title":{"rendered":"Pouzdro na n\u00e1vazce RIG-BOX 35\u0441m, Khaki barva"},"content":{"rendered":"<div class=\"wpb-content-wrapper\"><p>[vc_row][vc_column]\t\t<div id=\"wd-683f4b75a21a7\" class=\"wd-text-block wd-wpb reset-last-child wd-rs-683f4b75a21a7 text-center vc_custom_1748978567117\">\n\t\t\t<p>Pouzdro na n\u00e1vazce RIG-BOX (Khaki) 35 cm \u2013 vyrobeno z kvalitn\u00edch a spolehliv\u00fdch materi\u00e1l\u016f. Vn\u011bj\u0161\u00ed tkanina je praktick\u00fd vodoodpudiv\u00fd Oxford. Vnit\u0159n\u00ed desky jsou vyrobeny z hust\u00e9ho EVA materi\u00e1lu. Pro fixaci n\u00e1vazce jsou ur\u010deny speci\u00e1ln\u00ed \u0161pendl\u00edky a ty\u010dka.<\/p>\n<p>Pouzdro na n\u00e1vazce RIG-BOX pojme a\u017e 20 hotov\u00fdch n\u00e1vazc\u016f. Pro zaji\u0161t\u011bn\u00ed pevnosti jsou uvnit\u0159 pouzdra instalov\u00e1ny v\u00fdztu\u017en\u00e9 desky.<\/p>\n<p>Takov\u00e9 pouzdro je ide\u00e1ln\u00ed pro ulo\u017een\u00ed a p\u0159epravu hotov\u00fdch n\u00e1vazc\u016f pro feederov\u00fd, kaprov\u00fd nebo plavan\u00fd rybolov.<\/p>\n<p>Rozm\u011bry pouzdra: 35\u00d714\u00d73,5 cm<\/p>\n\t\t<\/div>\n\t\t[\/vc_column][\/vc_row][vc_row][vc_column][vc_column_text css=&#8220;&#8220; woodmart_inline=&#8220;no&#8220; text_larger=&#8220;no&#8220;]<\/p>\n<p>[\/vc_column_text][\/vc_column][\/vc_row]<\/p>\n<\/div>","protected":false},"excerpt":{"rendered":"<p>[vc_row][vc_column][\/vc_column][\/vc_row][vc_row][vc_column][vc_column_text css=&#8220;&#8220; woodmart_inline=&#8220;no&#8220; text_larger=&#8220;no&#8220;] [\/vc_column_text][\/vc_column][\/vc_row]<\/p>\n","protected":false},"featured_media":2594,"template":"","meta":[],"product_brand":[64],"product_cat":[118],"product_tag":[],"class_list":{"0":"post-2593","1":"product","2":"type-product","3":"status-publish","4":"has-post-thumbnail","6":"product_brand-profmontaz","7":"product_cat-tasky-batohy-a-pouzdra","9":"first","10":"instock","11":"taxable","12":"shipping-taxable","13":"purchasable","14":"product-type-simple"},"_links":{"self":[{"href":"https:\/\/profmontaz.cz\/velkoobchod\/wp-json\/wp\/v2\/product\/2593","targetHints":{"allow":["GET"]}}],"collection":[{"href":"https:\/\/profmontaz.cz\/velkoobchod\/wp-json\/wp\/v2\/product"}],"about":[{"href":"https:\/\/profmontaz.cz\/velkoobchod\/wp-json\/wp\/v2\/types\/product"}],"wp:featuredmedia":[{"embeddable":true,"href":"https:\/\/profmontaz.cz\/velkoobchod\/wp-json\/wp\/v2\/media\/2594"}],"wp:attachment":[{"href":"https:\/\/profmontaz.cz\/velkoobchod\/wp-json\/wp\/v2\/media?parent=2593"}],"wp:term":[{"taxonomy":"product_brand","embeddable":true,"href":"https:\/\/profmontaz.cz\/velkoobchod\/wp-json\/wp\/v2\/product_brand?post=2593"},{"taxonomy":"product_cat","embeddable":true,"href":"https:\/\/profmontaz.cz\/velkoobchod\/wp-json\/wp\/v2\/product_cat?post=2593"},{"taxonomy":"product_tag","embeddable":true,"href":"https:\/\/profmontaz.cz\/velkoobchod\/wp-json\/wp\/v2\/product_tag?post=2593"}],"curies":[{"name":"wp","href":"https:\/\/api.w.org\/{rel}","templated":true}]}}