{"id":2642,"date":"2025-06-04T13:10:46","date_gmt":"2025-06-04T11:10:46","guid":{"rendered":"https:\/\/profmontaz.cz\/velkoobchod\/?post_type=product&#038;p=2642"},"modified":"2025-11-16T19:33:49","modified_gmt":"2025-11-16T18:33:49","slug":"taska-organizer-s-pruhlednym-vikem-na-2-prihradky-11l","status":"publish","type":"product","link":"https:\/\/profmontaz.cz\/velkoobchod\/produkt\/taska-organizer-s-pruhlednym-vikem-na-2-prihradky-11l\/","title":{"rendered":"Ta\u0161ka Organiz\u00e9r s pr\u016fhledn\u00fdm v\u00edkem na 2 p\u0159ihr\u00e1dky 11L."},"content":{"rendered":"<div class=\"wpb-content-wrapper\"><p>[vc_row][vc_column]\t\t<div id=\"wd-68402a1ae9aec\" class=\"wd-text-block wd-wpb reset-last-child wd-rs-68402a1ae9aec text-center vc_custom_1749035565085\">\n\t\t\t<p>Prostorn\u00e1 ryb\u00e1\u0159sk\u00e1 ta\u0161ka s pr\u016fhledn\u00fdm v\u00edkem m\u00e1 1 vyj\u00edmatelnou p\u0159ep\u00e1\u017eku, kter\u00e1 rozd\u011bluje prostor na 2 odd\u00edly.<\/p>\n<p>Ta\u0161ka je ide\u00e1ln\u00ed pro p\u0159epravu a ulo\u017een\u00ed r\u016fzn\u00fdch ryb\u00e1\u0159sk\u00fdch dopl\u0148k\u016f, krmiv, od\u011bvn\u00edch prvk\u016f atd.<\/p>\n<p>Vnit\u0159n\u00ed pod\u0161\u00edvka a p\u0159ep\u00e1\u017eka jsou vyrobeny z PPE materi\u00e1lu o tlou\u0161\u0165ce 7 mm, d\u00edky \u010demu\u017e m\u00e1 ta\u0161ka zv\u00fd\u0161enou pevnost.<\/p>\n<p>Pr\u016fhledn\u00e9 v\u00edko umo\u017e\u0148uje snadnou kontrolu obsahu.<\/p>\n<p>Ta\u0161ka je vyrobena z odoln\u00e9ho a vod\u011bodoln\u00e9ho materi\u00e1lu Oxford 600D a je vybavena pouze kvalitn\u00edm kov\u00e1n\u00edm.<\/p>\n<p>Materi\u00e1l: Oxford 600D<\/p>\n<p>Spolehliv\u00e9 zipy a p\u0159\u00edslu\u0161enstv\u00ed<\/p>\n<p>Dr\u017eadlo pro p\u0159en\u00e1\u0161en\u00ed<\/p>\n<p>Vyj\u00edmateln\u00e1 p\u0159ep\u00e1\u017eka na such\u00fd zip<\/p>\n<p>Rozm\u011bry: 30\u00d723\u00d719 cm<\/p>\n\t\t<\/div>\n\t\t[\/vc_column][\/vc_row][vc_row][vc_column][vc_column_text css=&#8220;&#8220; woodmart_inline=&#8220;no&#8220; text_larger=&#8220;no&#8220;]<\/p>\n<p>[\/vc_column_text][\/vc_column][\/vc_row]<\/p>\n<\/div>","protected":false},"excerpt":{"rendered":"<p>[vc_row][vc_column][\/vc_column][\/vc_row][vc_row][vc_column][vc_column_text css=&#8220;&#8220; woodmart_inline=&#8220;no&#8220; text_larger=&#8220;no&#8220;] [\/vc_column_text][\/vc_column][\/vc_row]<\/p>\n","protected":false},"featured_media":2643,"template":"","meta":[],"product_brand":[64],"product_cat":[118],"product_tag":[],"class_list":{"0":"post-2642","1":"product","2":"type-product","3":"status-publish","4":"has-post-thumbnail","6":"product_brand-profmontaz","7":"product_cat-tasky-batohy-a-pouzdra","9":"first","10":"instock","11":"taxable","12":"shipping-taxable","13":"purchasable","14":"product-type-simple"},"_links":{"self":[{"href":"https:\/\/profmontaz.cz\/velkoobchod\/wp-json\/wp\/v2\/product\/2642","targetHints":{"allow":["GET"]}}],"collection":[{"href":"https:\/\/profmontaz.cz\/velkoobchod\/wp-json\/wp\/v2\/product"}],"about":[{"href":"https:\/\/profmontaz.cz\/velkoobchod\/wp-json\/wp\/v2\/types\/product"}],"wp:featuredmedia":[{"embeddable":true,"href":"https:\/\/profmontaz.cz\/velkoobchod\/wp-json\/wp\/v2\/media\/2643"}],"wp:attachment":[{"href":"https:\/\/profmontaz.cz\/velkoobchod\/wp-json\/wp\/v2\/media?parent=2642"}],"wp:term":[{"taxonomy":"product_brand","embeddable":true,"href":"https:\/\/profmontaz.cz\/velkoobchod\/wp-json\/wp\/v2\/product_brand?post=2642"},{"taxonomy":"product_cat","embeddable":true,"href":"https:\/\/profmontaz.cz\/velkoobchod\/wp-json\/wp\/v2\/product_cat?post=2642"},{"taxonomy":"product_tag","embeddable":true,"href":"https:\/\/profmontaz.cz\/velkoobchod\/wp-json\/wp\/v2\/product_tag?post=2642"}],"curies":[{"name":"wp","href":"https:\/\/api.w.org\/{rel}","templated":true}]}}