{"id":2654,"date":"2025-06-04T13:27:16","date_gmt":"2025-06-04T11:27:16","guid":{"rendered":"https:\/\/profmontaz.cz\/velkoobchod\/?post_type=product&#038;p=2654"},"modified":"2025-11-16T19:26:47","modified_gmt":"2025-11-16T18:26:47","slug":"taska-double-bag-na-montaze-a-plankton-k-lovu-tolstolobika-33%d1%8523%d1%8519%d1%81m","status":"publish","type":"product","link":"https:\/\/profmontaz.cz\/velkoobchod\/produkt\/taska-double-bag-na-montaze-a-plankton-k-lovu-tolstolobika-33%d1%8523%d1%8519%d1%81m\/","title":{"rendered":"Ta\u0161ka Double Bag na mont\u00e1\u017ee a plankton k lovu tolstolobika 33\u044523\u044519\u0441m"},"content":{"rendered":"<div class=\"wpb-content-wrapper\"><p>[vc_row][vc_column]\t\t<div id=\"wd-68402f3a55035\" class=\"wd-text-block wd-wpb reset-last-child wd-rs-68402f3a55035 text-center vc_custom_1749036873504\">\n\t\t\t<p>Ta\u0161ka Double Bag na technoplankton a mont\u00e1\u017ee pro lov tolstolobika se skl\u00e1d\u00e1 ze 2 velk\u00fdch pater\u2013odd\u00edl\u016f.<\/p>\n<p>Spodn\u00ed odd\u00edl je ide\u00e1ln\u00ed pro technoplankton a obsahuje 4 p\u0159ihr\u00e1dky odd\u011blen\u00e9 vyj\u00edmateln\u00fdmi p\u0159ep\u00e1\u017ekami, nav\u00edc je zde velk\u00e1 s\u00ed\u0165ovan\u00e1 kapsa.<\/p>\n<p>Horn\u00ed odd\u00edl je vhodn\u00fd pro ulo\u017een\u00ed hotov\u00fdch mont\u00e1\u017e\u00ed a technoplanktonu v tablet\u00e1ch o hmotnosti 70\u201390 g. Tak\u00e9 se skl\u00e1d\u00e1 ze 4 p\u0159ihr\u00e1dek s vyj\u00edmateln\u00fdmi p\u0159ep\u00e1\u017ekami.<\/p>\n<p>Na v\u00edku ta\u0161ky je 8 pr\u016fhledn\u00fdch kapes pro h\u00e1\u010dky a bi\u017euterii.<\/p>\n<p>Ka\u017ed\u00e1 p\u0159ep\u00e1\u017eka je upevn\u011bna ve 3 bodech, d\u00edky \u010demu\u017e spolehliv\u011b udr\u017euje obsah p\u0159ihr\u00e1dky.<\/p>\n<p>Celkov\u011b ta\u0161ka pojme sou\u010dasn\u011b:<\/p>\n<p>6 hotov\u00fdch mont\u00e1\u017e\u00ed s plov\u00e1kem<\/p>\n<p>minim\u00e1ln\u011b 16 balen\u00ed h\u00e1\u010dk\u016f, obratl\u00edk\u016f, karabinek a dal\u0161\u00ed bi\u017euterie<\/p>\n<p>20 tablet technoplanktonu po 90 g<\/p>\n<p>18 v\u00e1lcov\u00fdch technoplankton\u016f po 70 g<\/p>\n<p>9 velk\u00fdch tablet technoplanktonu po 120 g<\/p>\n<p>To v\u0161e v jedn\u00e9 kompaktn\u00ed ta\u0161ce.<\/p>\n<p>Ta\u0161ka Double Bag je vyrobena z odoln\u00e9 tkaniny PVC OXFORD 600D s vnit\u0159n\u00edm PVC z\u00e1t\u011brem, kter\u00fd zabra\u0148uje promoknut\u00ed.<\/p>\n<p>Vn\u011bj\u0161\u00ed materi\u00e1l je snadno omyvateln\u00fd a vysoce odoln\u00fd.<\/p>\n<p>Pro spolehlivou ochranu obsahu a pevnost konstrukce je pou\u017eit\u00e1 vnit\u0159n\u00ed v\u00fdztuha z PPE p\u011bny o tlou\u0161\u0165ce 7 mm.<\/p>\n<p>Vysok\u00e1 kvalita a promy\u0161len\u00e1 ergonomie umo\u017e\u0148uje vyu\u017eit\u00ed ta\u0161ky tak\u00e9 p\u0159i feederov\u00e9m, kaprov\u00e9m nebo plavan\u00e9m rybolovu.<\/p>\n<p>Rozm\u011bry ta\u0161ky: 33\u00d723\u00d719 cm<\/p>\n<p>Barva: khaki<\/p>\n\t\t<\/div>\n\t\t[\/vc_column][\/vc_row][vc_row][vc_column][vc_column_text css=&#8220;&#8220; woodmart_inline=&#8220;no&#8220; text_larger=&#8220;no&#8220;]<\/p>\n<p>[\/vc_column_text][\/vc_column][\/vc_row]<\/p>\n<\/div>","protected":false},"excerpt":{"rendered":"<p>[vc_row][vc_column][\/vc_column][\/vc_row][vc_row][vc_column][vc_column_text css=&#8220;&#8220; woodmart_inline=&#8220;no&#8220; text_larger=&#8220;no&#8220;] [\/vc_column_text][\/vc_column][\/vc_row]<\/p>\n","protected":false},"featured_media":2655,"template":"","meta":[],"product_brand":[64],"product_cat":[118],"product_tag":[],"class_list":{"0":"post-2654","1":"product","2":"type-product","3":"status-publish","4":"has-post-thumbnail","6":"product_brand-profmontaz","7":"product_cat-tasky-batohy-a-pouzdra","9":"first","10":"instock","11":"taxable","12":"shipping-taxable","13":"purchasable","14":"product-type-simple"},"_links":{"self":[{"href":"https:\/\/profmontaz.cz\/velkoobchod\/wp-json\/wp\/v2\/product\/2654","targetHints":{"allow":["GET"]}}],"collection":[{"href":"https:\/\/profmontaz.cz\/velkoobchod\/wp-json\/wp\/v2\/product"}],"about":[{"href":"https:\/\/profmontaz.cz\/velkoobchod\/wp-json\/wp\/v2\/types\/product"}],"wp:featuredmedia":[{"embeddable":true,"href":"https:\/\/profmontaz.cz\/velkoobchod\/wp-json\/wp\/v2\/media\/2655"}],"wp:attachment":[{"href":"https:\/\/profmontaz.cz\/velkoobchod\/wp-json\/wp\/v2\/media?parent=2654"}],"wp:term":[{"taxonomy":"product_brand","embeddable":true,"href":"https:\/\/profmontaz.cz\/velkoobchod\/wp-json\/wp\/v2\/product_brand?post=2654"},{"taxonomy":"product_cat","embeddable":true,"href":"https:\/\/profmontaz.cz\/velkoobchod\/wp-json\/wp\/v2\/product_cat?post=2654"},{"taxonomy":"product_tag","embeddable":true,"href":"https:\/\/profmontaz.cz\/velkoobchod\/wp-json\/wp\/v2\/product_tag?post=2654"}],"curies":[{"name":"wp","href":"https:\/\/api.w.org\/{rel}","templated":true}]}}