{"id":2687,"date":"2025-06-04T14:20:58","date_gmt":"2025-06-04T12:20:58","guid":{"rendered":"https:\/\/profmontaz.cz\/velkoobchod\/?post_type=product&#038;p=2687"},"modified":"2025-11-16T17:55:03","modified_gmt":"2025-11-16T16:55:03","slug":"gumovy-prevlek-rubber-sleev-hard-40mm","status":"publish","type":"product","link":"https:\/\/profmontaz.cz\/velkoobchod\/produkt\/gumovy-prevlek-rubber-sleev-hard-40mm\/","title":{"rendered":"Gumov\u00fd p\u0159evlek Rubber Sleev Hard 40mm"},"content":{"rendered":"<div class=\"wpb-content-wrapper\"><p>[vc_row][vc_column]\t\t<div id=\"wd-68403a6aef7eb\" class=\"wd-text-block wd-wpb reset-last-child wd-rs-68403a6aef7eb text-center vc_custom_1749039726987\">\n\t\t\t<p>Pevn\u00e1 gumov\u00e1 hadi\u010dka (40 mm, 10 ks) \u2013 je vyrobena z kvalitn\u00edho silikonu a je ned\u00edlnou sou\u010d\u00e1st\u00ed mnoha mont\u00e1\u017e\u00ed.<\/p>\n<p>Obvykle se pou\u017e\u00edv\u00e1 spole\u010dn\u011b s rychlov\u00fdm\u011bnn\u00fdm obratl\u00edkem a z\u00e1rove\u0148 pln\u00ed funkci odklon\u011bn\u00ed n\u00e1vazce od mont\u00e1\u017ee, aby se p\u0159ede\u0161lo zamot\u00e1n\u00ed p\u0159i n\u00e1hozu.<\/p>\n<p>Vyr\u00e1b\u00ed se ve dvou d\u00e9lk\u00e1ch: 20 mm a 40 mm.<\/p>\n<p>Maskovac\u00ed barva &#8222;Camo&#8220; neru\u0161\u00ed ryby a skv\u011ble spl\u00fdv\u00e1 s dnem rev\u00edru.<\/p>\n\t\t<\/div>\n\t\t[\/vc_column][\/vc_row][vc_row][vc_column][vc_column_text css=&#8220;&#8220; woodmart_inline=&#8220;no&#8220; text_larger=&#8220;no&#8220;]<\/p>\n<p>[\/vc_column_text][\/vc_column][\/vc_row]<\/p>\n<\/div>","protected":false},"excerpt":{"rendered":"<p>[vc_row][vc_column][\/vc_column][\/vc_row][vc_row][vc_column][vc_column_text css=&#8220;&#8220; woodmart_inline=&#8220;no&#8220; text_larger=&#8220;no&#8220;] [\/vc_column_text][\/vc_column][\/vc_row]<\/p>\n","protected":false},"featured_media":2688,"template":"","meta":[],"product_brand":[64],"product_cat":[119],"product_tag":[],"class_list":{"0":"post-2687","1":"product","2":"type-product","3":"status-publish","4":"has-post-thumbnail","6":"product_brand-profmontaz","7":"product_cat-drobna-bizuterie","9":"first","10":"instock","11":"taxable","12":"shipping-taxable","13":"purchasable","14":"product-type-simple"},"_links":{"self":[{"href":"https:\/\/profmontaz.cz\/velkoobchod\/wp-json\/wp\/v2\/product\/2687","targetHints":{"allow":["GET"]}}],"collection":[{"href":"https:\/\/profmontaz.cz\/velkoobchod\/wp-json\/wp\/v2\/product"}],"about":[{"href":"https:\/\/profmontaz.cz\/velkoobchod\/wp-json\/wp\/v2\/types\/product"}],"wp:featuredmedia":[{"embeddable":true,"href":"https:\/\/profmontaz.cz\/velkoobchod\/wp-json\/wp\/v2\/media\/2688"}],"wp:attachment":[{"href":"https:\/\/profmontaz.cz\/velkoobchod\/wp-json\/wp\/v2\/media?parent=2687"}],"wp:term":[{"taxonomy":"product_brand","embeddable":true,"href":"https:\/\/profmontaz.cz\/velkoobchod\/wp-json\/wp\/v2\/product_brand?post=2687"},{"taxonomy":"product_cat","embeddable":true,"href":"https:\/\/profmontaz.cz\/velkoobchod\/wp-json\/wp\/v2\/product_cat?post=2687"},{"taxonomy":"product_tag","embeddable":true,"href":"https:\/\/profmontaz.cz\/velkoobchod\/wp-json\/wp\/v2\/product_tag?post=2687"}],"curies":[{"name":"wp","href":"https:\/\/api.w.org\/{rel}","templated":true}]}}