{"id":2701,"date":"2025-06-04T14:37:32","date_gmt":"2025-06-04T12:37:32","guid":{"rendered":"https:\/\/profmontaz.cz\/velkoobchod\/?post_type=product&#038;p=2701"},"modified":"2025-11-16T18:03:35","modified_gmt":"2025-11-16T17:03:35","slug":"prujezd-helicopter-sleeve","status":"publish","type":"product","link":"https:\/\/profmontaz.cz\/velkoobchod\/produkt\/prujezd-helicopter-sleeve\/","title":{"rendered":"Pr\u016fjezd Helicopter Sleeve"},"content":{"rendered":"<div class=\"wpb-content-wrapper\"><p>[vc_row][vc_column]\t\t<div id=\"wd-68403e377a762\" class=\"wd-text-block wd-wpb reset-last-child wd-rs-68403e377a762 text-center vc_custom_1749040698745\">\n\t\t\t<p>Helikopt\u00e9rov\u00fd n\u00e1vazec (5 ks) \u2013 pou\u017e\u00edv\u00e1 se v mnoha mont\u00e1\u017e\u00edch pro kapra\u0159sk\u00fd rybolov. Umo\u017e\u0148uje snadnou v\u00fdm\u011bnu n\u00e1vazce, spolu s gumov\u00fdm v\u00fdvodem \u00fa\u010dinn\u011b zabra\u0148uje zamot\u00e1n\u00ed mont\u00e1\u017ee p\u0159i n\u00e1hozu a rovn\u011b\u017e zamezuje p\u0159ekroucen\u00ed n\u00e1vazce p\u0159i zdol\u00e1v\u00e1n\u00ed ryby.<\/p>\n<p>Obratl\u00edk je pevn\u011b zalisovan\u00fd a snese zna\u010dn\u00e9 zat\u00ed\u017een\u00ed.<\/p>\n\t\t<\/div>\n\t\t[\/vc_column][\/vc_row][vc_row][vc_column][vc_column_text css=&#8220;&#8220; woodmart_inline=&#8220;no&#8220; text_larger=&#8220;no&#8220;]<\/p>\n<p>[\/vc_column_text][\/vc_column][\/vc_row]<\/p>\n<\/div>","protected":false},"excerpt":{"rendered":"<p>[vc_row][vc_column][\/vc_column][\/vc_row][vc_row][vc_column][vc_column_text css=&#8220;&#8220; woodmart_inline=&#8220;no&#8220; text_larger=&#8220;no&#8220;] [\/vc_column_text][\/vc_column][\/vc_row]<\/p>\n","protected":false},"featured_media":2702,"template":"","meta":[],"product_brand":[64],"product_cat":[119],"product_tag":[],"class_list":{"0":"post-2701","1":"product","2":"type-product","3":"status-publish","4":"has-post-thumbnail","6":"product_brand-profmontaz","7":"product_cat-drobna-bizuterie","9":"first","10":"instock","11":"taxable","12":"shipping-taxable","13":"purchasable","14":"product-type-simple"},"_links":{"self":[{"href":"https:\/\/profmontaz.cz\/velkoobchod\/wp-json\/wp\/v2\/product\/2701","targetHints":{"allow":["GET"]}}],"collection":[{"href":"https:\/\/profmontaz.cz\/velkoobchod\/wp-json\/wp\/v2\/product"}],"about":[{"href":"https:\/\/profmontaz.cz\/velkoobchod\/wp-json\/wp\/v2\/types\/product"}],"wp:featuredmedia":[{"embeddable":true,"href":"https:\/\/profmontaz.cz\/velkoobchod\/wp-json\/wp\/v2\/media\/2702"}],"wp:attachment":[{"href":"https:\/\/profmontaz.cz\/velkoobchod\/wp-json\/wp\/v2\/media?parent=2701"}],"wp:term":[{"taxonomy":"product_brand","embeddable":true,"href":"https:\/\/profmontaz.cz\/velkoobchod\/wp-json\/wp\/v2\/product_brand?post=2701"},{"taxonomy":"product_cat","embeddable":true,"href":"https:\/\/profmontaz.cz\/velkoobchod\/wp-json\/wp\/v2\/product_cat?post=2701"},{"taxonomy":"product_tag","embeddable":true,"href":"https:\/\/profmontaz.cz\/velkoobchod\/wp-json\/wp\/v2\/product_tag?post=2701"}],"curies":[{"name":"wp","href":"https:\/\/api.w.org\/{rel}","templated":true}]}}