{"id":2703,"date":"2025-06-04T14:38:41","date_gmt":"2025-06-04T12:38:41","guid":{"rendered":"https:\/\/profmontaz.cz\/velkoobchod\/?post_type=product&#038;p=2703"},"modified":"2025-11-16T17:55:47","modified_gmt":"2025-11-16T16:55:47","slug":"helikopterove-koralky","status":"publish","type":"product","link":"https:\/\/profmontaz.cz\/velkoobchod\/produkt\/helikopterove-koralky\/","title":{"rendered":"Helikopt\u00e9rov\u00e9 Kor\u00e1lky"},"content":{"rendered":"<div class=\"wpb-content-wrapper\"><p>[vc_row][vc_column]\t\t<div id=\"wd-68403e8516aaa\" class=\"wd-text-block wd-wpb reset-last-child wd-rs-68403e8516aaa text-center vc_custom_1749040775706\">\n\t\t\t<p>Kor\u00e1lek pro helikopt\u00e9rovou mont\u00e1\u017e (10 ks) \u2013 speci\u00e1ln\u011b navr\u017een\u00fd pro pou\u017eit\u00ed s v\u00fdvodem typu \u201ehelikopt\u00e9ra\u201c. Vyroben z kvalitn\u00ed gumy, pevn\u011b dr\u017e\u00ed na olov\u011bnce a umo\u017e\u0148uje vytv\u00e1\u0159et jak pevn\u00e9, tak i pr\u016fb\u011b\u017en\u00e9 mont\u00e1\u017ee typu helikopt\u00e9ra. Funguje jako zar\u00e1\u017eka.<\/p>\n\t\t<\/div>\n\t\t[\/vc_column][\/vc_row][vc_row][vc_column][vc_column_text css=&#8220;&#8220; woodmart_inline=&#8220;no&#8220; text_larger=&#8220;no&#8220;]<\/p>\n<p>[\/vc_column_text][\/vc_column][\/vc_row]<\/p>\n<\/div>","protected":false},"excerpt":{"rendered":"<p>[vc_row][vc_column][\/vc_column][\/vc_row][vc_row][vc_column][vc_column_text css=&#8220;&#8220; woodmart_inline=&#8220;no&#8220; text_larger=&#8220;no&#8220;] [\/vc_column_text][\/vc_column][\/vc_row]<\/p>\n","protected":false},"featured_media":2704,"template":"","meta":[],"product_brand":[64],"product_cat":[119],"product_tag":[],"class_list":{"0":"post-2703","1":"product","2":"type-product","3":"status-publish","4":"has-post-thumbnail","6":"product_brand-profmontaz","7":"product_cat-drobna-bizuterie","9":"first","10":"instock","11":"taxable","12":"shipping-taxable","13":"purchasable","14":"product-type-simple"},"_links":{"self":[{"href":"https:\/\/profmontaz.cz\/velkoobchod\/wp-json\/wp\/v2\/product\/2703","targetHints":{"allow":["GET"]}}],"collection":[{"href":"https:\/\/profmontaz.cz\/velkoobchod\/wp-json\/wp\/v2\/product"}],"about":[{"href":"https:\/\/profmontaz.cz\/velkoobchod\/wp-json\/wp\/v2\/types\/product"}],"wp:featuredmedia":[{"embeddable":true,"href":"https:\/\/profmontaz.cz\/velkoobchod\/wp-json\/wp\/v2\/media\/2704"}],"wp:attachment":[{"href":"https:\/\/profmontaz.cz\/velkoobchod\/wp-json\/wp\/v2\/media?parent=2703"}],"wp:term":[{"taxonomy":"product_brand","embeddable":true,"href":"https:\/\/profmontaz.cz\/velkoobchod\/wp-json\/wp\/v2\/product_brand?post=2703"},{"taxonomy":"product_cat","embeddable":true,"href":"https:\/\/profmontaz.cz\/velkoobchod\/wp-json\/wp\/v2\/product_cat?post=2703"},{"taxonomy":"product_tag","embeddable":true,"href":"https:\/\/profmontaz.cz\/velkoobchod\/wp-json\/wp\/v2\/product_tag?post=2703"}],"curies":[{"name":"wp","href":"https:\/\/api.w.org\/{rel}","templated":true}]}}