{"id":2745,"date":"2025-06-04T15:08:41","date_gmt":"2025-06-04T13:08:41","guid":{"rendered":"https:\/\/profmontaz.cz\/velkoobchod\/?post_type=product&#038;p=2745"},"modified":"2025-11-16T17:57:41","modified_gmt":"2025-11-16T16:57:41","slug":"jehla-superfine-p0-7mm-d85mm","status":"publish","type":"product","link":"https:\/\/profmontaz.cz\/velkoobchod\/produkt\/jehla-superfine-p0-7mm-d85mm\/","title":{"rendered":"Jehla Superfine (P:0.7mm, D:85mm)"},"content":{"rendered":"<div class=\"wpb-content-wrapper\"><p>[vc_row][vc_column]\t\t<div id=\"wd-6840458e0181b\" class=\"wd-text-block wd-wpb reset-last-child wd-rs-6840458e0181b text-center vc_custom_1749042576414\">\n\t\t\t<p>Jehla na boilies Superfine (D-0,7 mm, L-85 mm) \u2013 nejten\u010d\u00ed jehla v \u0159ad\u011b ProfMontazh, ur\u010den\u00e1 pro mal\u00e9 n\u00e1strahy a jemnou pr\u00e1ci se zrnkov\u00fdmi n\u00e1strahami nebo pop-upy velikosti 6\u201312 mm. Jehla je vyrobena z pru\u017en\u00e9 nerezov\u00e9 oceli, \u043d\u0430 konci m\u00e1 o\u010dko pro uchycen\u00ed vlasu nebo monofilu. Pohodln\u00e1 ergonomick\u00e1 rukoje\u0165 \u043e\u0441\u043d\u0430\u0449\u0435\u043d\u0430 pogumovan\u00fdmi texturovan\u00fdmi vlo\u017ekami. Pro uchycen\u00ed na retr\u00edvr je ve v\u0161ech jehl\u00e1ch ProfMontazh p\u0159ipraven otvor.<\/p>\n<p>Balen\u00ed obsahuje:<\/p>\n<p>1\u00d7 jehla na boilies Superfine (D-0,7 mm, L-85 mm)<\/p>\n<p>Barva: modr\u00e1.<\/p>\n\t\t<\/div>\n\t\t[\/vc_column][\/vc_row][vc_row][vc_column][vc_column_text css=&#8220;&#8220; woodmart_inline=&#8220;no&#8220; text_larger=&#8220;no&#8220;]<\/p>\n<p>[\/vc_column_text][\/vc_column][\/vc_row]<\/p>\n<\/div>","protected":false},"excerpt":{"rendered":"<p>[vc_row][vc_column][\/vc_column][\/vc_row][vc_row][vc_column][vc_column_text css=&#8220;&#8220; woodmart_inline=&#8220;no&#8220; text_larger=&#8220;no&#8220;] [\/vc_column_text][\/vc_column][\/vc_row]<\/p>\n","protected":false},"featured_media":2746,"template":"","meta":[],"product_brand":[64],"product_cat":[119],"product_tag":[],"class_list":{"0":"post-2745","1":"product","2":"type-product","3":"status-publish","4":"has-post-thumbnail","6":"product_brand-profmontaz","7":"product_cat-drobna-bizuterie","9":"first","10":"instock","11":"taxable","12":"shipping-taxable","13":"purchasable","14":"product-type-simple"},"_links":{"self":[{"href":"https:\/\/profmontaz.cz\/velkoobchod\/wp-json\/wp\/v2\/product\/2745","targetHints":{"allow":["GET"]}}],"collection":[{"href":"https:\/\/profmontaz.cz\/velkoobchod\/wp-json\/wp\/v2\/product"}],"about":[{"href":"https:\/\/profmontaz.cz\/velkoobchod\/wp-json\/wp\/v2\/types\/product"}],"wp:featuredmedia":[{"embeddable":true,"href":"https:\/\/profmontaz.cz\/velkoobchod\/wp-json\/wp\/v2\/media\/2746"}],"wp:attachment":[{"href":"https:\/\/profmontaz.cz\/velkoobchod\/wp-json\/wp\/v2\/media?parent=2745"}],"wp:term":[{"taxonomy":"product_brand","embeddable":true,"href":"https:\/\/profmontaz.cz\/velkoobchod\/wp-json\/wp\/v2\/product_brand?post=2745"},{"taxonomy":"product_cat","embeddable":true,"href":"https:\/\/profmontaz.cz\/velkoobchod\/wp-json\/wp\/v2\/product_cat?post=2745"},{"taxonomy":"product_tag","embeddable":true,"href":"https:\/\/profmontaz.cz\/velkoobchod\/wp-json\/wp\/v2\/product_tag?post=2745"}],"curies":[{"name":"wp","href":"https:\/\/api.w.org\/{rel}","templated":true}]}}