{"id":2900,"date":"2025-06-07T17:22:50","date_gmt":"2025-06-07T15:22:50","guid":{"rendered":"https:\/\/profmontaz.cz\/velkoobchod\/?post_type=product&#038;p=2900"},"modified":"2025-11-17T16:14:02","modified_gmt":"2025-11-17T15:14:02","slug":"method-feeder-romanian-flat-boyle-20g","status":"publish","type":"product","link":"https:\/\/profmontaz.cz\/velkoobchod\/produkt\/method-feeder-romanian-flat-boyle-20g\/","title":{"rendered":"Method Feeder Romanian flat-boyle (3 kusy\/bal) (Cena je za kus)"},"content":{"rendered":"<div class=\"wpb-content-wrapper\"><p>[vc_row][vc_column]\t\t<div id=\"wd-68445985c4b94\" class=\"wd-text-block wd-wpb reset-last-child wd-rs-68445985c4b94 text-center vc_custom_1749309838272\">\n\t\t\t<p>Krm\u00edtko Romanian Flat-Boyle\u00a0 \u2013 rumunsk\u00e9 flat krm\u00edtko se od b\u011b\u017en\u00fdch typ\u016f odli\u0161uje p\u0159\u00edtomnost\u00ed dlouh\u00e9 trubi\u010dky v p\u0159edn\u00ed \u010d\u00e1sti, kter\u00e1 chr\u00e1n\u00ed n\u00e1vazec p\u0159ed zamot\u00e1n\u00edm a stabilizuje krm\u00edtko b\u011bhem n\u00e1hozu, co\u017e umo\u017e\u0148uje velmi dalek\u00e9 a p\u0159esn\u00e9 hody.<\/p>\n<p>Speci\u00e1ln\u011b navr\u017eeno pro pou\u017eit\u00ed s n\u00e1strahami typu boilies. Vhodn\u00e9 pro pou\u017eit\u00ed jak s klasick\u00fdmi krmn\u00fdmi sm\u011bsmi, tak i s peletami \u2013 n\u00e1vnada spolehliv\u011b dr\u017e\u00ed v krm\u00edtku bez ohledu na vzd\u00e1lenost \u010di podm\u00ednky lovu.<\/p>\n<p>Krm\u00edtko je vyrobeno ve vysok\u00e9 kvalit\u011b: plastov\u00e1 \u010d\u00e1st je pevn\u00e1 a odoln\u00e1, vyroben\u00e1 z prvotn\u00edho materi\u00e1lu, z\u00e1t\u011b\u017e je spolehliv\u011b upevn\u011bna pomoc\u00ed n\u00fdt\u016f. Ka\u017ed\u00e9 krm\u00edtko je vybaveno silikonov\u00fdm krytem.<\/p>\n<p>D\u00edky spodn\u00edmu um\u00edst\u011bn\u00ed z\u00e1t\u011b\u017ee se krm\u00edtko nep\u0159ekuluje na hran\u00e1ch \u010di svaz\u00edch dna a zaji\u0161\u0165uje v\u017edy ide\u00e1ln\u00ed prezentaci krmen\u00ed a n\u00e1strahy.<\/p>\n<p>Krm\u00edtka Flat-Boyle o hmotnosti 70, 80, 90 a 100 g maj\u00ed posunut\u00e9 t\u011b\u017ei\u0161t\u011b, d\u00edky \u010demu\u017e je mo\u017en\u00e9 snadno prov\u00e1d\u011bt dalek\u00e9 a p\u0159esn\u00e9 n\u00e1hozy i za bo\u010dn\u00edho v\u011btru.<\/p>\n<p>Pro pohodln\u00e9 a spr\u00e1vn\u00e9 pln\u011bn\u00ed krm\u00edtka n\u00e1vnadou doporu\u010dujeme pou\u017e\u00edvat lisovac\u00ed formu ProfMontazh. Klasick\u00fd ov\u00e1ln\u00fd tvar a standardn\u00ed velikost jsou vhodn\u00e9 pro v\u011bt\u0161inu ryb\u00e1\u0159sk\u00fdch podm\u00ednek.<\/p>\n\t\t<\/div>\n\t\t[\/vc_column][\/vc_row][vc_row][vc_column][vc_column_text css=&#8220;&#8220; woodmart_inline=&#8220;no&#8220; text_larger=&#8220;no&#8220;]<\/p>\n<p>[\/vc_column_text][\/vc_column][\/vc_row]<\/p>\n<\/div>","protected":false},"excerpt":{"rendered":"<p>[vc_row][vc_column][\/vc_column][\/vc_row][vc_row][vc_column][vc_column_text css=&#8220;&#8220; woodmart_inline=&#8220;no&#8220; text_larger=&#8220;no&#8220;] [\/vc_column_text][\/vc_column][\/vc_row]<\/p>\n","protected":false},"featured_media":2917,"template":"","meta":[],"product_brand":[64],"product_cat":[15,101],"product_tag":[234],"class_list":{"0":"post-2900","1":"product","2":"type-product","3":"status-publish","4":"has-post-thumbnail","6":"product_brand-profmontaz","7":"product_cat-rybarska-krmitka","8":"product_cat-method-feederova-krmitka","9":"product_tag-method-feeder","11":"first","12":"instock","13":"taxable","14":"shipping-taxable","15":"purchasable","16":"product-type-variable"},"_links":{"self":[{"href":"https:\/\/profmontaz.cz\/velkoobchod\/wp-json\/wp\/v2\/product\/2900","targetHints":{"allow":["GET"]}}],"collection":[{"href":"https:\/\/profmontaz.cz\/velkoobchod\/wp-json\/wp\/v2\/product"}],"about":[{"href":"https:\/\/profmontaz.cz\/velkoobchod\/wp-json\/wp\/v2\/types\/product"}],"wp:featuredmedia":[{"embeddable":true,"href":"https:\/\/profmontaz.cz\/velkoobchod\/wp-json\/wp\/v2\/media\/2917"}],"wp:attachment":[{"href":"https:\/\/profmontaz.cz\/velkoobchod\/wp-json\/wp\/v2\/media?parent=2900"}],"wp:term":[{"taxonomy":"product_brand","embeddable":true,"href":"https:\/\/profmontaz.cz\/velkoobchod\/wp-json\/wp\/v2\/product_brand?post=2900"},{"taxonomy":"product_cat","embeddable":true,"href":"https:\/\/profmontaz.cz\/velkoobchod\/wp-json\/wp\/v2\/product_cat?post=2900"},{"taxonomy":"product_tag","embeddable":true,"href":"https:\/\/profmontaz.cz\/velkoobchod\/wp-json\/wp\/v2\/product_tag?post=2900"}],"curies":[{"name":"wp","href":"https:\/\/api.w.org\/{rel}","templated":true}]}}