{"id":3040,"date":"2025-06-07T19:27:48","date_gmt":"2025-06-07T17:27:48","guid":{"rendered":"https:\/\/profmontaz.cz\/velkoobchod\/?post_type=product&#038;p=3040"},"modified":"2025-11-17T12:57:09","modified_gmt":"2025-11-17T11:57:09","slug":"krmitko-feeder-shot-piker-10g-27%d1%8523%d1%8518mm","status":"publish","type":"product","link":"https:\/\/profmontaz.cz\/velkoobchod\/produkt\/krmitko-feeder-shot-piker-10g-27%d1%8523%d1%8518mm\/","title":{"rendered":"Krm\u00edtko Feeder Shot Piker, (27\u044523\u044518mm)"},"content":{"rendered":"<div class=\"wpb-content-wrapper\"><p>[vc_row][vc_column]\t\t<div id=\"wd-68f74bc606b91\" class=\"wd-text-block wd-wpb reset-last-child wd-rs-68f74bc606b91 text-center vc_custom_1761037261552\">\n\t\t\t<p style=\"text-align: left;\">Pickerov\u00e9 krm\u00edtko Feeder Shot &#8222;Picker&#8220; \u2013 mal\u00e9 krm\u00edtko o rozm\u011brech 28\u00d723\u00d719 mm s ni\u017e\u0161\u00ed kapacitou krmen\u00ed, ur\u010den\u00e9 pro rybolov na jezerech, \u0159ek\u00e1ch a z\u00e1tok\u00e1ch s lehk\u00fdm vybaven\u00edm. D\u00edky sv\u00fdm kompaktn\u00edm rozm\u011br\u016fm a n\u00edzk\u00e9 hmotnosti se krm\u00edtko nebo\u0159\u00ed do bahna a p\u0159i lovu na m\u011bl\u010din\u00e1ch m\u00e9n\u011b pla\u0161\u00ed ryby.<\/p>\n<p style=\"text-align: left;\">Ide\u00e1ln\u011b se hod\u00ed pro lov r\u016fzn\u00fdch druh\u016f kaprovit\u00fdch ryb, jako je plotice, parma, l\u00edn, karas, cejn, kapr apod. Krm\u00edtko je vyrobeno z prvotn\u00edho materi\u00e1lu, co\u017e zaji\u0161\u0165uje jeho vysokou pevnost a odolnost proti n\u00e1raz\u016fm.<\/p>\n<p style=\"text-align: left;\">Struktura s\u00edt\u011b ve tvaru pl\u00e1stv\u00ed poskytuje st\u0159edn\u00ed rychlost uvol\u0148ov\u00e1n\u00ed n\u00e1vnady. Bo\u010dn\u00ed v\u00fdztuhy ve form\u011b k\u0159\u00eddel stabilizuj\u00ed krm\u00edtko p\u0159i n\u00e1hozu a p\u0159i nav\u00edjen\u00ed usnad\u0148uj\u00ed jeho vyno\u0159en\u00ed na hladinu. Maskovac\u00ed barva krm\u00edtka a z\u00e1t\u011b\u017ee zaji\u0161\u0165uje dobr\u00e9 splynut\u00ed s jak\u00fdmkoli typem dna a nepla\u0161\u00ed ryby.<\/p>\n<p style=\"text-align: left;\">Rozm\u011bry: 27\u00d723\u00d718 mm<\/p>\n<p style=\"text-align: left;\">Objem krmen\u00ed: 10\u201315 g<\/p>\n\t\t<\/div>\n\t\t[\/vc_column][\/vc_row][vc_row][vc_column][vc_column_text css=&#8220;&#8220; woodmart_inline=&#8220;no&#8220; text_larger=&#8220;no&#8220;]<\/p>\n<p>[\/vc_column_text][\/vc_column][\/vc_row]<\/p>\n<\/div>","protected":false},"excerpt":{"rendered":"<p>[vc_row][vc_column][\/vc_column][\/vc_row][vc_row][vc_column][vc_column_text css=&#8220;&#8220; woodmart_inline=&#8220;no&#8220; text_larger=&#8220;no&#8220;] [\/vc_column_text][\/vc_column][\/vc_row]<\/p>\n","protected":false},"featured_media":3050,"template":"","meta":[],"product_brand":[64],"product_cat":[15,103],"product_tag":[222,226,228],"class_list":{"0":"post-3040","1":"product","2":"type-product","3":"status-publish","4":"has-post-thumbnail","6":"product_brand-profmontaz","7":"product_cat-rybarska-krmitka","8":"product_cat-feederova-krmitka","9":"product_tag-krmitko","10":"product_tag-krmitko-feeder","11":"product_tag-pickerove-krmitko","13":"first","14":"instock","15":"taxable","16":"shipping-taxable","17":"purchasable","18":"product-type-variable"},"_links":{"self":[{"href":"https:\/\/profmontaz.cz\/velkoobchod\/wp-json\/wp\/v2\/product\/3040","targetHints":{"allow":["GET"]}}],"collection":[{"href":"https:\/\/profmontaz.cz\/velkoobchod\/wp-json\/wp\/v2\/product"}],"about":[{"href":"https:\/\/profmontaz.cz\/velkoobchod\/wp-json\/wp\/v2\/types\/product"}],"wp:featuredmedia":[{"embeddable":true,"href":"https:\/\/profmontaz.cz\/velkoobchod\/wp-json\/wp\/v2\/media\/3050"}],"wp:attachment":[{"href":"https:\/\/profmontaz.cz\/velkoobchod\/wp-json\/wp\/v2\/media?parent=3040"}],"wp:term":[{"taxonomy":"product_brand","embeddable":true,"href":"https:\/\/profmontaz.cz\/velkoobchod\/wp-json\/wp\/v2\/product_brand?post=3040"},{"taxonomy":"product_cat","embeddable":true,"href":"https:\/\/profmontaz.cz\/velkoobchod\/wp-json\/wp\/v2\/product_cat?post=3040"},{"taxonomy":"product_tag","embeddable":true,"href":"https:\/\/profmontaz.cz\/velkoobchod\/wp-json\/wp\/v2\/product_tag?post=3040"}],"curies":[{"name":"wp","href":"https:\/\/api.w.org\/{rel}","templated":true}]}}