{"id":3391,"date":"2025-06-30T14:31:45","date_gmt":"2025-06-30T12:31:45","guid":{"rendered":"https:\/\/profmontaz.cz\/velkoobchod\/?post_type=product&#038;p=3391"},"modified":"2025-11-14T14:55:26","modified_gmt":"2025-11-14T13:55:26","slug":"krmitko-method-carp-4-edge","status":"publish","type":"product","link":"https:\/\/profmontaz.cz\/velkoobchod\/produkt\/krmitko-method-carp-4-edge\/","title":{"rendered":"Krm\u00edtko Method Carp 4 Edge (10 kus\u016f\/bal)"},"content":{"rendered":"<p data-start=\"41\" data-end=\"282\"><strong data-start=\"41\" data-end=\"71\">Krm\u00edtko Method Carp 4 Edge<\/strong> je vyrobeno z kvalitn\u00edho n\u00e1razuodoln\u00e9ho plastu, m\u00e1 aerodynamick\u00fd \u010dty\u0159hrann\u00fd tvar a vnit\u0159n\u00ed um\u00edst\u011bn\u00ed z\u00e1t\u011b\u017ee. Obvykle se pou\u017e\u00edv\u00e1 v mont\u00e1\u017e\u00edch typu <strong data-start=\"216\" data-end=\"227\">in-line<\/strong>. Takov\u00e9 krm\u00edtko umo\u017e\u0148uje velmi dalek\u00e9 a p\u0159esn\u00e9 n\u00e1hozy.<\/p>\n<p data-start=\"284\" data-end=\"657\">Ve srovn\u00e1n\u00ed s krm\u00edtky typu <strong data-start=\"311\" data-end=\"326\">Flat Method<\/strong> m\u00e1 v\u011bt\u0161\u00ed kapacitu pro n\u00e1vnadu a umo\u017e\u0148uje pou\u017eit\u00ed v\u011bt\u0161\u00edch slo\u017eek v krmn\u00e9 sm\u011bsi. Vnit\u0159n\u00ed otvory a \u010dty\u0159i hrany dob\u0159e udr\u017euj\u00ed n\u00e1vnadu uvnit\u0159. Vhodn\u00e9 pro rybolov na jezerech s bahnit\u00fdm dnem, v tr\u00e1v\u011b i na slab\u00e9m proudu. D\u00edky \u010dty\u0159hrann\u00e9mu tvaru dob\u0159e dr\u017e\u00ed na m\u00edst\u011b. Method krm\u00edtko m\u00e1 ochrannou barvu <strong data-start=\"620\" data-end=\"628\">Camo<\/strong>, kter\u00e1 nepla\u0161\u00ed opatrn\u00e9 ryby.<\/p>\n","protected":false},"excerpt":{"rendered":"<p>Krm\u00edtko Method Carp 4 Edge je vyrobeno z kvalitn\u00edho n\u00e1razuodoln\u00e9ho plastu, m\u00e1 aerodynamick\u00fd \u010dty\u0159hrann\u00fd tvar a vnit\u0159n\u00ed um\u00edst\u011bn\u00ed z\u00e1t\u011b\u017ee. Obvykle<\/p>\n","protected":false},"featured_media":3645,"template":"","meta":[],"product_brand":[],"product_cat":[15,100],"product_tag":[222],"class_list":{"0":"post-3391","1":"product","2":"type-product","3":"status-publish","4":"has-post-thumbnail","6":"product_cat-rybarska-krmitka","7":"product_cat-klasicka-krmitka","8":"product_tag-krmitko","10":"first","11":"instock","12":"taxable","13":"shipping-taxable","14":"purchasable","15":"product-type-variable"},"_links":{"self":[{"href":"https:\/\/profmontaz.cz\/velkoobchod\/wp-json\/wp\/v2\/product\/3391","targetHints":{"allow":["GET"]}}],"collection":[{"href":"https:\/\/profmontaz.cz\/velkoobchod\/wp-json\/wp\/v2\/product"}],"about":[{"href":"https:\/\/profmontaz.cz\/velkoobchod\/wp-json\/wp\/v2\/types\/product"}],"wp:featuredmedia":[{"embeddable":true,"href":"https:\/\/profmontaz.cz\/velkoobchod\/wp-json\/wp\/v2\/media\/3645"}],"wp:attachment":[{"href":"https:\/\/profmontaz.cz\/velkoobchod\/wp-json\/wp\/v2\/media?parent=3391"}],"wp:term":[{"taxonomy":"product_brand","embeddable":true,"href":"https:\/\/profmontaz.cz\/velkoobchod\/wp-json\/wp\/v2\/product_brand?post=3391"},{"taxonomy":"product_cat","embeddable":true,"href":"https:\/\/profmontaz.cz\/velkoobchod\/wp-json\/wp\/v2\/product_cat?post=3391"},{"taxonomy":"product_tag","embeddable":true,"href":"https:\/\/profmontaz.cz\/velkoobchod\/wp-json\/wp\/v2\/product_tag?post=3391"}],"curies":[{"name":"wp","href":"https:\/\/api.w.org\/{rel}","templated":true}]}}