{"id":3551,"date":"2025-06-30T22:42:37","date_gmt":"2025-06-30T20:42:37","guid":{"rendered":"https:\/\/profmontaz.cz\/velkoobchod\/?post_type=product&#038;p=3551"},"modified":"2025-11-14T14:27:12","modified_gmt":"2025-11-14T13:27:12","slug":"navazcova-snurka-black-brown-25-lb-114-kg-10m","status":"publish","type":"product","link":"https:\/\/profmontaz.cz\/velkoobchod\/produkt\/navazcova-snurka-black-brown-25-lb-114-kg-10m\/","title":{"rendered":"N\u00e1vazcov\u00e1 \u0160\u0148\u016frka Black Brown 25 LB 11,4 kg.(10m)."},"content":{"rendered":"<div class=\"wpb-content-wrapper\"><p>[vc_row][vc_column]\t\t<div id=\"wd-68f765a3c395e\" class=\"wd-text-block wd-wpb reset-last-child wd-rs-68f765a3c395e text-center vc_custom_1761043885424\">\n\t\t\t<p style=\"text-align: left;\">Vodic\u00ed materi\u00e1l STRONG WAYS Black Brown 25 LB 11,4 kg (10 m) \u2013 je vyroben z kvalitn\u00edch vl\u00e1ken Dyneema made in Japan. Vyzna\u010duje se vysokou odolnost\u00ed proti od\u011bru, dlouhou \u017eivotnost\u00ed, m\u011bkkost\u00ed a pevnost\u00ed v uzlech. Hlavn\u00edm \u00fa\u010delem je samostatn\u00e1 v\u00fdroba n\u00e1vazc\u016f pro lov kapr\u016f na vlasov\u00e9 mont\u00e1\u017ee, pro cejny v r\u016fzn\u00fdch krm\u00edtkov\u00fdch mont\u00e1\u017e\u00edch a mont\u00e1\u017e\u00edch typu \u201ezabij\u00e1k cejn\u016f\u201c. V nab\u00eddce jsou t\u0159i maskovac\u00ed barvy: Black Green, Black Yellow, Black Brown a \u010dty\u0159i pr\u016fm\u011bry: 15 lb, 20 lb, 25 lb a 30 lb. D\u00edky t\u00e9to nab\u00eddce si ka\u017ed\u00fd ryb\u00e1\u0159 bez probl\u00e9m\u016f vybere n\u00e1vazcov\u00fd materi\u00e1l podle podm\u00ednek lovu a o\u010dek\u00e1van\u00fdch trofej\u00ed, co\u017e umo\u017e\u0148uje ryb\u00e1\u0159\u016fm realisticky prezentovat n\u00e1strahu.<\/p>\n\t\t<\/div>\n\t\t[\/vc_column][\/vc_row][vc_row][vc_column][vc_column_text css=&#8220;&#8220; woodmart_inline=&#8220;no&#8220; text_larger=&#8220;no&#8220;]<\/p>\n<p>[\/vc_column_text][\/vc_column][\/vc_row]<\/p>\n<\/div>","protected":false},"excerpt":{"rendered":"<p>[vc_row][vc_column][\/vc_column][\/vc_row][vc_row][vc_column][vc_column_text css=&#8220;&#8220; woodmart_inline=&#8220;no&#8220; text_larger=&#8220;no&#8220;] [\/vc_column_text][\/vc_column][\/vc_row]<\/p>\n","protected":false},"featured_media":3640,"template":"","meta":[],"product_brand":[64],"product_cat":[104,106],"product_tag":[224],"class_list":{"0":"post-3551","1":"product","2":"type-product","3":"status-publish","4":"has-post-thumbnail","6":"product_brand-profmontaz","7":"product_cat-hotove-navazce-a-montaze","8":"product_cat-navazcova-snurka","9":"product_tag-navazcova-snurka","11":"first","12":"instock","13":"taxable","14":"shipping-taxable","15":"purchasable","16":"product-type-simple"},"_links":{"self":[{"href":"https:\/\/profmontaz.cz\/velkoobchod\/wp-json\/wp\/v2\/product\/3551","targetHints":{"allow":["GET"]}}],"collection":[{"href":"https:\/\/profmontaz.cz\/velkoobchod\/wp-json\/wp\/v2\/product"}],"about":[{"href":"https:\/\/profmontaz.cz\/velkoobchod\/wp-json\/wp\/v2\/types\/product"}],"wp:featuredmedia":[{"embeddable":true,"href":"https:\/\/profmontaz.cz\/velkoobchod\/wp-json\/wp\/v2\/media\/3640"}],"wp:attachment":[{"href":"https:\/\/profmontaz.cz\/velkoobchod\/wp-json\/wp\/v2\/media?parent=3551"}],"wp:term":[{"taxonomy":"product_brand","embeddable":true,"href":"https:\/\/profmontaz.cz\/velkoobchod\/wp-json\/wp\/v2\/product_brand?post=3551"},{"taxonomy":"product_cat","embeddable":true,"href":"https:\/\/profmontaz.cz\/velkoobchod\/wp-json\/wp\/v2\/product_cat?post=3551"},{"taxonomy":"product_tag","embeddable":true,"href":"https:\/\/profmontaz.cz\/velkoobchod\/wp-json\/wp\/v2\/product_tag?post=3551"}],"curies":[{"name":"wp","href":"https:\/\/api.w.org\/{rel}","templated":true}]}}