{"id":3725,"date":"2025-07-26T12:33:19","date_gmt":"2025-07-26T10:33:19","guid":{"rendered":"https:\/\/profmontaz.cz\/velkoobchod\/?post_type=product&#038;p=3725"},"modified":"2025-11-16T19:50:24","modified_gmt":"2025-11-16T18:50:24","slug":"splavek-barva-fluorescencni","status":"publish","type":"product","link":"https:\/\/profmontaz.cz\/velkoobchod\/produkt\/splavek-barva-fluorescencni\/","title":{"rendered":"Spl\u00e1vek Barva fluorescen\u010dn\u00ed"},"content":{"rendered":"<p>Spl\u00e1vek vysoce kvalitn\u00ed klasick\u00fd plov\u00e1k ur\u010den\u00fd pro lov na bi\u010dov\u00e9 nebo bolo\u0148sk\u00e9 pruty na jak\u00fdchkoli<\/p>\n<p>vodn\u00edch ploch\u00e1ch. Vhodn\u00fd pro lov jak\u00e9koli b\u00edl\u00e9 ryby. Kvalitn\u00ed lakovan\u00fd povrch je odoln\u00fd v\u016f\u010di vn\u011bj\u0161\u00edm<\/p>\n<p>vliv\u016fm, co\u017e zaji\u0161\u0165uje dlouhou \u017eivotnost plov\u00e1ku. Materi\u00e1l: topol.<\/p>\n","protected":false},"excerpt":{"rendered":"<p>Spl\u00e1vek vysoce kvalitn\u00ed klasick\u00fd plov\u00e1k ur\u010den\u00fd pro lov na bi\u010dov\u00e9 nebo bolo\u0148sk\u00e9 pruty na jak\u00fdchkoli vodn\u00edch ploch\u00e1ch. Vhodn\u00fd pro lov<\/p>\n","protected":false},"featured_media":3691,"template":"","meta":[],"product_brand":[64],"product_cat":[110,116],"product_tag":[220],"class_list":{"0":"post-3725","1":"product","2":"type-product","3":"status-publish","4":"has-post-thumbnail","6":"product_brand-profmontaz","7":"product_cat-splavky","8":"product_cat-umele-nastrahy","9":"product_tag-splavek","11":"first","12":"instock","13":"taxable","14":"shipping-taxable","15":"purchasable","16":"product-type-variable"},"_links":{"self":[{"href":"https:\/\/profmontaz.cz\/velkoobchod\/wp-json\/wp\/v2\/product\/3725","targetHints":{"allow":["GET"]}}],"collection":[{"href":"https:\/\/profmontaz.cz\/velkoobchod\/wp-json\/wp\/v2\/product"}],"about":[{"href":"https:\/\/profmontaz.cz\/velkoobchod\/wp-json\/wp\/v2\/types\/product"}],"wp:featuredmedia":[{"embeddable":true,"href":"https:\/\/profmontaz.cz\/velkoobchod\/wp-json\/wp\/v2\/media\/3691"}],"wp:attachment":[{"href":"https:\/\/profmontaz.cz\/velkoobchod\/wp-json\/wp\/v2\/media?parent=3725"}],"wp:term":[{"taxonomy":"product_brand","embeddable":true,"href":"https:\/\/profmontaz.cz\/velkoobchod\/wp-json\/wp\/v2\/product_brand?post=3725"},{"taxonomy":"product_cat","embeddable":true,"href":"https:\/\/profmontaz.cz\/velkoobchod\/wp-json\/wp\/v2\/product_cat?post=3725"},{"taxonomy":"product_tag","embeddable":true,"href":"https:\/\/profmontaz.cz\/velkoobchod\/wp-json\/wp\/v2\/product_tag?post=3725"}],"curies":[{"name":"wp","href":"https:\/\/api.w.org\/{rel}","templated":true}]}}