{"id":3810,"date":"2025-08-14T02:45:10","date_gmt":"2025-08-14T00:45:10","guid":{"rendered":"https:\/\/profmontaz.cz\/velkoobchod\/?post_type=product&#038;p=3810"},"modified":"2025-11-15T16:14:31","modified_gmt":"2025-11-15T15:14:31","slug":"nastraha-mandula-4sm903-125-mm-5%e2%80%b3","status":"publish","type":"product","link":"https:\/\/profmontaz.cz\/velkoobchod\/produkt\/nastraha-mandula-4sm903-125-mm-5%e2%80%b3\/","title":{"rendered":"N\u00e1straha Mandula 4SM903 (125 mm), 5\u2033"},"content":{"rendered":"<p>Mandula Killer Worm 3 segmenty 45mm (#901) \u2013 nejmen\u0161\u00ed ze s\u00e9rie Killer Worm, t\u011blo je tvo\u0159eno 3 mal\u00fdmi segmenty, ka\u017ed\u00fd d\u00edl je rozd\u011blen kor\u00e1lky, celkov\u00e1 d\u00e9lka mandulky je pouze 45mm. Toto je skute\u010dn\u00fd n\u00e1lez pro rybolov microjig. Trofejemi tohoto drobe\u010dka jsou p\u0159edev\u0161\u00edm okouni a cand\u00e1t se \u0161tikou, ale zejm\u00e9na na ja\u0159e dob\u0159e l\u00e1k\u00e1 karasy a kapry, svou hrou p\u0159ipom\u00edn\u00e1 tak \u017e\u00e1dan\u00e9ho \u010derva.<\/p>\n<p>Paleta barev m\u00e1 14 kontrastn\u00edch, dvou a t\u0159\u00ed barevn\u00fdch kombinac\u00ed. Vybaveno dv\u011bma ostr\u00fdmi odpali\u0161ti \u010d\u00edsel 10 a 12. Okraj na ocasu je vyroben z lurexov\u00e9 a vln\u011bn\u00e9 nit\u011b, z\u00e1\u0159\u00ed v ultrafialov\u00e9m sv\u011btle, kter\u00e9 nav\u00edc provokuje dravce. N\u00e1straha dob\u0159e funguje jak na stojat\u00fdch vod\u00e1ch, tak na \u0159ece. Umo\u017e\u0148uje vybavit jak\u00fdkoli typ<\/p>\n","protected":false},"excerpt":{"rendered":"<p>Mandula Killer Worm 3 segmenty 45mm (#901) \u2013 nejmen\u0161\u00ed ze s\u00e9rie Killer Worm, t\u011blo je tvo\u0159eno 3 mal\u00fdmi segmenty, ka\u017ed\u00fd<\/p>\n","protected":false},"featured_media":3811,"template":"","meta":[],"product_brand":[64],"product_cat":[111,113],"product_tag":[217],"class_list":{"0":"post-3810","1":"product","2":"type-product","3":"status-publish","4":"has-post-thumbnail","6":"product_brand-profmontaz","7":"product_cat-vlaceci-nastrahy","8":"product_cat-vlaceci-nastrahy-mandula","9":"product_tag-nastraha-mandula","11":"first","12":"instock","13":"taxable","14":"shipping-taxable","15":"purchasable","16":"product-type-simple"},"_links":{"self":[{"href":"https:\/\/profmontaz.cz\/velkoobchod\/wp-json\/wp\/v2\/product\/3810","targetHints":{"allow":["GET"]}}],"collection":[{"href":"https:\/\/profmontaz.cz\/velkoobchod\/wp-json\/wp\/v2\/product"}],"about":[{"href":"https:\/\/profmontaz.cz\/velkoobchod\/wp-json\/wp\/v2\/types\/product"}],"wp:featuredmedia":[{"embeddable":true,"href":"https:\/\/profmontaz.cz\/velkoobchod\/wp-json\/wp\/v2\/media\/3811"}],"wp:attachment":[{"href":"https:\/\/profmontaz.cz\/velkoobchod\/wp-json\/wp\/v2\/media?parent=3810"}],"wp:term":[{"taxonomy":"product_brand","embeddable":true,"href":"https:\/\/profmontaz.cz\/velkoobchod\/wp-json\/wp\/v2\/product_brand?post=3810"},{"taxonomy":"product_cat","embeddable":true,"href":"https:\/\/profmontaz.cz\/velkoobchod\/wp-json\/wp\/v2\/product_cat?post=3810"},{"taxonomy":"product_tag","embeddable":true,"href":"https:\/\/profmontaz.cz\/velkoobchod\/wp-json\/wp\/v2\/product_tag?post=3810"}],"curies":[{"name":"wp","href":"https:\/\/api.w.org\/{rel}","templated":true}]}}