{"id":3955,"date":"2025-09-30T19:11:58","date_gmt":"2025-09-30T17:11:58","guid":{"rendered":"https:\/\/profmontaz.cz\/velkoobchod\/?post_type=product&#038;p=3955"},"modified":"2025-11-15T11:59:30","modified_gmt":"2025-11-15T10:59:30","slug":"montaz-k-lovu-tolstolobika-silver-carp-1-hacek","status":"publish","type":"product","link":"https:\/\/profmontaz.cz\/velkoobchod\/produkt\/montaz-k-lovu-tolstolobika-silver-carp-1-hacek\/","title":{"rendered":"Mont\u00e1\u017e K Lovu Tolstolobika Silver Carp 1 h\u00e1\u010dek"},"content":{"rendered":"<div class=\"wpb-content-wrapper\"><p>[vc_row][vc_column]\t\t<div id=\"wd-68dc0d0be1702\" class=\"wd-text-block wd-wpb reset-last-child wd-rs-68dc0d0be1702 text-center vc_custom_1759251738336\">\n\t\t\t<p data-start=\"51\" data-end=\"495\"><strong data-start=\"51\" data-end=\"96\">Hotov\u00e1 mont\u00e1\u017e na tolstolobika Silver Carp<\/strong> je kvalitn\u00ed a spolehliv\u00e9 \u0159e\u0161en\u00ed pro ryb\u00e1\u0159e, kte\u0159\u00ed preferuj\u00ed lov ryb s pou\u017eit\u00edm technoplanktonu. V\u00fdrobce v\u011bnoval pozornost i t\u011bm nejmen\u0161\u00edm detail\u016fm konstrukce mont\u00e1\u017ee, kter\u00e9 spolu dokonale lad\u00ed. Z\u00e1klad mont\u00e1\u017ee tvo\u0159\u00ed: l\u00eddrov\u00fd vlasec, v\u00fdrazn\u00fd spl\u00e1vek, hlavn\u00ed olovo o hmotnosti 40 g, dopl\u0148uj\u00edc\u00ed olovo-stabiliz\u00e1tor, zar\u00e1\u017eky z gumov\u00e9ho materi\u00e1lu, protioto\u010dova\u010d, sada n\u00e1vazc\u016f s ostr\u00fdmi h\u00e1\u010dky, koromyslo.<\/p>\n<p data-start=\"497\" data-end=\"868\">P\u0159i pou\u017eit\u00ed mont\u00e1\u017ee na tolstolobika Silver Carp m\u016f\u017ee ryb\u00e1\u0159 s\u00e1m regulovat hloubku lovu a\u017e do 1,2 m. V\u00fdznamnou p\u0159ednost\u00ed t\u00e9to konstrukce je pou\u017eit\u00ed pru\u017en\u00e9ho koromysla. To umo\u017e\u0148uje pohodln\u00e9 um\u00edst\u011bn\u00ed jednoho nebo n\u011bkolika sudk\u016f technoplanktonu. Tento typ mont\u00e1\u017ee je ide\u00e1ln\u00ed pro \u00fasp\u011b\u0161n\u00fd lov trofejn\u00edch exempl\u00e1\u0159\u016f a ryb\u00e1\u0159i u\u0161et\u0159\u00ed \u010das, proto\u017ee nemus\u00ed dlouho p\u0159ipravovat mont\u00e1\u017e.<\/p>\n\t\t<\/div>\n\t\t[\/vc_column][\/vc_row][vc_row][vc_column][vc_column_text css=&#8220;&#8220; woodmart_inline=&#8220;no&#8220; text_larger=&#8220;no&#8220;]<\/p>\n<p>[\/vc_column_text][\/vc_column][\/vc_row]<\/p>\n<\/div>","protected":false},"excerpt":{"rendered":"<p><strong data-start=\"51\" data-end=\"96\">Hotov\u00e1 mont\u00e1\u017e na tolstolobika Silver Carp<\/strong> je kvalitn\u00ed a spolehliv\u00e9 \u0159e\u0161en\u00ed pro ryb\u00e1\u0159e, kte\u0159\u00ed preferuj\u00ed lov ryb s pou\u017eit\u00edm technoplanktonu.<\/p>\n","protected":false},"featured_media":3956,"template":"","meta":[],"product_brand":[64],"product_cat":[107,104],"product_tag":[207],"class_list":{"0":"post-3955","1":"product","2":"type-product","3":"status-publish","4":"has-post-thumbnail","6":"product_brand-profmontaz","7":"product_cat-hotove-montaze","8":"product_cat-hotove-navazce-a-montaze","9":"product_tag-montaz-k-lovu","11":"first","12":"instock","13":"taxable","14":"shipping-taxable","15":"purchasable","16":"product-type-simple"},"_links":{"self":[{"href":"https:\/\/profmontaz.cz\/velkoobchod\/wp-json\/wp\/v2\/product\/3955","targetHints":{"allow":["GET"]}}],"collection":[{"href":"https:\/\/profmontaz.cz\/velkoobchod\/wp-json\/wp\/v2\/product"}],"about":[{"href":"https:\/\/profmontaz.cz\/velkoobchod\/wp-json\/wp\/v2\/types\/product"}],"wp:featuredmedia":[{"embeddable":true,"href":"https:\/\/profmontaz.cz\/velkoobchod\/wp-json\/wp\/v2\/media\/3956"}],"wp:attachment":[{"href":"https:\/\/profmontaz.cz\/velkoobchod\/wp-json\/wp\/v2\/media?parent=3955"}],"wp:term":[{"taxonomy":"product_brand","embeddable":true,"href":"https:\/\/profmontaz.cz\/velkoobchod\/wp-json\/wp\/v2\/product_brand?post=3955"},{"taxonomy":"product_cat","embeddable":true,"href":"https:\/\/profmontaz.cz\/velkoobchod\/wp-json\/wp\/v2\/product_cat?post=3955"},{"taxonomy":"product_tag","embeddable":true,"href":"https:\/\/profmontaz.cz\/velkoobchod\/wp-json\/wp\/v2\/product_tag?post=3955"}],"curies":[{"name":"wp","href":"https:\/\/api.w.org\/{rel}","templated":true}]}}