{"id":4020,"date":"2025-10-14T15:51:40","date_gmt":"2025-10-14T13:51:40","guid":{"rendered":"https:\/\/profmontaz.cz\/velkoobchod\/?post_type=product&#038;p=4020"},"modified":"2025-11-17T09:26:03","modified_gmt":"2025-11-17T08:26:03","slug":"makucha-kysela-hruska","status":"publish","type":"product","link":"https:\/\/profmontaz.cz\/velkoobchod\/produkt\/makucha-kysela-hruska\/","title":{"rendered":"Makucha Kysel\u00e1 Hru\u0161ka"},"content":{"rendered":"<div class=\"wpb-content-wrapper\"><p>[vc_row][vc_column][vc_column_text css=&#8220;&#8220; woodmart_inline=&#8220;no&#8220; text_larger=&#8220;no&#8220;]<\/p>\n<p data-start=\"55\" data-end=\"452\"><strong data-start=\"55\" data-end=\"105\">Makucha \u2013 p\u0159\u00edrodn\u00ed lisovan\u00fd slune\u010dnicov\u00fd kol\u00e1\u010d<\/strong><br data-start=\"105\" data-end=\"108\" \/>ve sv\u00e9m slo\u017een\u00ed obsahuje komplex p\u0159\u00edrodn\u00edch vitam\u00edn\u016f a aminokyselin, kter\u00e9 jsou pro ryby velmi atraktivn\u00ed.<br data-start=\"214\" data-end=\"217\" \/>Makuchu lze pou\u017e\u00edvat nejen v mont\u00e1\u017ei <em data-start=\"254\" data-end=\"269\">\u201emaku\u0161atnik\u201c<\/em>, ale tak\u00e9 jako n\u00e1vnadu.<br data-start=\"293\" data-end=\"296\" \/>P\u0159i rozpou\u0161t\u011bn\u00ed na dn\u011b vodn\u00ed n\u00e1dr\u017ee vytv\u00e1\u0159\u00ed atraktivn\u00ed krmn\u00e9 m\u00edsto a pom\u00e1h\u00e1 ulovit trofejn\u00ed kapry, cejny, karasy, amury a dal\u0161\u00ed ryby z \u010deledi kaprovit\u00fdch.<\/p>\n<p data-start=\"454\" data-end=\"647\">V sou\u010dasn\u00e9 dob\u011b, i kdy\u017e je lov na <em data-start=\"488\" data-end=\"501\">maku\u0161atnik<\/em> pova\u017eov\u00e1n za rekrea\u010dn\u00ed rybolov, t\u011b\u0161\u00ed se velk\u00e9 oblib\u011b mezi ryb\u00e1\u0159i.<br data-start=\"567\" data-end=\"570\" \/>D\u016fvodem je jeho jednoduch\u00e9 pou\u017eit\u00ed a v\u00fdborn\u00e1 schopnost l\u00e1kat trofejn\u00ed ryby.<\/p>\n<p data-start=\"649\" data-end=\"820\">Makucha pro rybolov se dod\u00e1v\u00e1 v briket\u00e1ch o hmotnosti <strong data-start=\"703\" data-end=\"712\">350 g<\/strong>,<br data-start=\"713\" data-end=\"716\" \/>ka\u017ed\u00e1 briketa obsahuje <strong data-start=\"739\" data-end=\"759\">8 porc\u00ed (kostek)<\/strong>, kter\u00e9 jsou vhodn\u00e9 pro v\u011bt\u0161inu mont\u00e1\u017e\u00ed typu <em data-start=\"804\" data-end=\"819\">\u201emaku\u0161atnik\u201c<\/em>.<\/p>\n<p>[\/vc_column_text][\/vc_column][\/vc_row]<\/p>\n<\/div>","protected":false},"excerpt":{"rendered":"<p><strong data-start=\"55\" data-end=\"105\">Makucha \u2013 p\u0159\u00edrodn\u00ed lisovan\u00fd slune\u010dnicov\u00fd kol\u00e1\u010d<\/strong><br data-start=\"105\" data-end=\"108\" \/>ve sv\u00e9m slo\u017een\u00ed obsahuje komplex p\u0159\u00edrodn\u00edch vitam\u00edn\u016f a aminokyselin, kter\u00e9 jsou pro ryby velmi atraktivn\u00ed.<br data-start=\"214\" data-end=\"217\" \/>Makuchu lze pou\u017e\u00edvat nejen v mont\u00e1\u017ei <em data-start=\"254\" data-end=\"269\">\u201emaku\u0161atnik\u201c<\/em>, ale tak\u00e9 jako n\u00e1vnadu.<\/p>\n","protected":false},"featured_media":4007,"template":"","meta":[],"product_brand":[64],"product_cat":[191,190],"product_tag":[208],"class_list":{"0":"post-4020","1":"product","2":"type-product","3":"status-publish","4":"has-post-thumbnail","6":"product_brand-profmontaz","7":"product_cat-makucha-ze-slunecnice","8":"product_cat-krmeni","9":"product_tag-makucha","11":"first","12":"instock","13":"taxable","14":"shipping-taxable","15":"purchasable","16":"product-type-simple"},"_links":{"self":[{"href":"https:\/\/profmontaz.cz\/velkoobchod\/wp-json\/wp\/v2\/product\/4020","targetHints":{"allow":["GET"]}}],"collection":[{"href":"https:\/\/profmontaz.cz\/velkoobchod\/wp-json\/wp\/v2\/product"}],"about":[{"href":"https:\/\/profmontaz.cz\/velkoobchod\/wp-json\/wp\/v2\/types\/product"}],"wp:featuredmedia":[{"embeddable":true,"href":"https:\/\/profmontaz.cz\/velkoobchod\/wp-json\/wp\/v2\/media\/4007"}],"wp:attachment":[{"href":"https:\/\/profmontaz.cz\/velkoobchod\/wp-json\/wp\/v2\/media?parent=4020"}],"wp:term":[{"taxonomy":"product_brand","embeddable":true,"href":"https:\/\/profmontaz.cz\/velkoobchod\/wp-json\/wp\/v2\/product_brand?post=4020"},{"taxonomy":"product_cat","embeddable":true,"href":"https:\/\/profmontaz.cz\/velkoobchod\/wp-json\/wp\/v2\/product_cat?post=4020"},{"taxonomy":"product_tag","embeddable":true,"href":"https:\/\/profmontaz.cz\/velkoobchod\/wp-json\/wp\/v2\/product_tag?post=4020"}],"curies":[{"name":"wp","href":"https:\/\/api.w.org\/{rel}","templated":true}]}}