{"id":4197,"date":"2025-10-30T23:09:39","date_gmt":"2025-10-30T22:09:39","guid":{"rendered":"https:\/\/profmontaz.cz\/velkoobchod\/?post_type=product&#038;p=4197"},"modified":"2026-03-01T18:06:29","modified_gmt":"2026-03-01T17:06:29","slug":"plovouci-boilie-pop-up-8-mm-color-mix-magic-fish","status":"publish","type":"product","link":"https:\/\/profmontaz.cz\/velkoobchod\/produkt\/plovouci-boilie-pop-up-8-mm-color-mix-magic-fish\/","title":{"rendered":"Plovouc\u00ed Boilie Pop-Up 8 mm COLOR MIX  MAGIC FISH"},"content":{"rendered":"<div class=\"wpb-content-wrapper\"><p>[vc_row][vc_column][vc_column_text css=&#8220;&#8220; woodmart_inline=&#8220;no&#8220; text_larger=&#8220;no&#8220;]<\/p>\n<p data-start=\"300\" data-end=\"697\">Pop-up boilies s unik\u00e1tn\u00edm atraktantem <strong data-start=\"339\" data-end=\"351\">ryb\u00ed mix<\/strong>, kter\u00fd vyd\u00e1v\u00e1 siln\u00fd potravn\u00ed sign\u00e1l a je pro ryby mimo\u0159\u00e1dn\u011b l\u00e1kav\u00fd. Formule <strong data-start=\"428\" data-end=\"442\">MAGIC FISH<\/strong> byla vyv\u00edjena p\u0159ibli\u017en\u011b 1,5 roku a prok\u00e1zala stabiln\u00ed v\u00fdsledky po celou sez\u00f3nu lovu kapra, amura, karase, cejna i sazana na otev\u0159en\u00e9 vod\u011b. Podle zku\u0161enost\u00ed ryb\u00e1\u0159\u016f p\u0159in\u00e1\u0161\u00ed MIX MAGIC FISH nej\u010dast\u011bji trofejn\u00ed \u00falovky od brzk\u00e9ho jara a\u017e do pozdn\u00edho podzimu.<\/p>\n<p data-start=\"699\" data-end=\"1119\"><strong data-start=\"699\" data-end=\"712\">COLOR MIX<\/strong> obsahuje \u010dty\u0159i barvy: oran\u017eovou, \u017elutou, fialovou a \u010dernou. Jasn\u00e9 barvy s <strong data-start=\"787\" data-end=\"803\">UV pigmentem<\/strong> jsou skv\u011ble viditeln\u00e9 v zakalen\u00e9 vod\u011b, na ja\u0159e i na podzim. \u010cern\u00e1 barva je skute\u010dn\u00fd <strong data-start=\"888\" data-end=\"899\">\u201e\u017eol\u00edk\u201c<\/strong> tohoto mixu \u2013 p\u0159i lovu opatrn\u00fdch, \u010dasto trofejn\u00edch kapr\u016f dok\u00e1\u017ee p\u0159\u00edjemn\u011b p\u0159ekvapit v\u00fdsledky. Fialov\u00e1 barva se tak\u00e9 vyzna\u010duje UV z\u00e1\u0159en\u00edm a dosahuje vynikaj\u00edc\u00edch v\u00fdsledk\u016f p\u0159i no\u010dn\u00edm lovu nebo b\u011bhem velmi zata\u017een\u00fdch dn\u016f.<\/p>\n<p style=\"text-align: left;\" data-start=\"1121\" data-end=\"1516\">Pop-upy maj\u00ed <strong data-start=\"1134\" data-end=\"1166\">m\u011bkkou, ale pevnou strukturu<\/strong>, snadno se nasazuj\u00ed na jehlu a nepraskaj\u00ed. D\u00edky <strong data-start=\"1215\" data-end=\"1235\">vysok\u00e9mu vztlaku<\/strong> jsou ide\u00e1ln\u00ed pro kombinovan\u00e9 prezentace s klasick\u00fdmi boilies, peletami nebo p\u0159\u00edrodn\u00edmi n\u00e1strahami (kuku\u0159ice, hr\u00e1ch, tyg\u0159\u00ed o\u0159ech apod.). Zvednut\u00edm n\u00e1strahy nade dno se st\u00e1v\u00e1 atraktivn\u011bj\u0161\u00ed a viditeln\u011bj\u0161\u00ed pro ryby a umo\u017e\u0148uje vytv\u00e1\u0159et vlastn\u00ed chu\u0165ov\u00e9 kombinace \u2013 tzv. <strong data-start=\"1500\" data-end=\"1515\">\u201esn\u011bhul\u00e1ky\u201c<\/strong>.<\/p>\n<p>[\/vc_column_text][\/vc_column][\/vc_row]<\/p>\n<\/div>","protected":false},"excerpt":{"rendered":"<p>[vc_row][vc_column][vc_column_text css=&#8220;&#8220; woodmart_inline=&#8220;no&#8220; text_larger=&#8220;no&#8220;] Pop-up boilies s unik\u00e1tn\u00edm atraktantem ryb\u00ed mix, kter\u00fd vyd\u00e1v\u00e1 siln\u00fd potravn\u00ed sign\u00e1l a je pro ryby<\/p>\n","protected":false},"featured_media":4198,"template":"","meta":[],"product_brand":[64],"product_cat":[190,194],"product_tag":[],"class_list":{"0":"post-4197","1":"product","2":"type-product","3":"status-publish","4":"has-post-thumbnail","6":"product_brand-profmontaz","7":"product_cat-krmeni","8":"product_cat-plovouci-boilie-pop-up-8-mm","10":"first","11":"instock","12":"taxable","13":"shipping-taxable","14":"purchasable","15":"product-type-simple"},"_links":{"self":[{"href":"https:\/\/profmontaz.cz\/velkoobchod\/wp-json\/wp\/v2\/product\/4197","targetHints":{"allow":["GET"]}}],"collection":[{"href":"https:\/\/profmontaz.cz\/velkoobchod\/wp-json\/wp\/v2\/product"}],"about":[{"href":"https:\/\/profmontaz.cz\/velkoobchod\/wp-json\/wp\/v2\/types\/product"}],"wp:featuredmedia":[{"embeddable":true,"href":"https:\/\/profmontaz.cz\/velkoobchod\/wp-json\/wp\/v2\/media\/4198"}],"wp:attachment":[{"href":"https:\/\/profmontaz.cz\/velkoobchod\/wp-json\/wp\/v2\/media?parent=4197"}],"wp:term":[{"taxonomy":"product_brand","embeddable":true,"href":"https:\/\/profmontaz.cz\/velkoobchod\/wp-json\/wp\/v2\/product_brand?post=4197"},{"taxonomy":"product_cat","embeddable":true,"href":"https:\/\/profmontaz.cz\/velkoobchod\/wp-json\/wp\/v2\/product_cat?post=4197"},{"taxonomy":"product_tag","embeddable":true,"href":"https:\/\/profmontaz.cz\/velkoobchod\/wp-json\/wp\/v2\/product_tag?post=4197"}],"curies":[{"name":"wp","href":"https:\/\/api.w.org\/{rel}","templated":true}]}}