{"id":4246,"date":"2025-11-01T17:20:19","date_gmt":"2025-11-01T16:20:19","guid":{"rendered":"https:\/\/profmontaz.cz\/velkoobchod\/?post_type=product&#038;p=4246"},"modified":"2026-03-01T18:06:29","modified_gmt":"2026-03-01T17:06:29","slug":"plovouci-boilie-pop-up-10-mm-corn","status":"publish","type":"product","link":"https:\/\/profmontaz.cz\/velkoobchod\/produkt\/plovouci-boilie-pop-up-10-mm-corn\/","title":{"rendered":"Plovouc\u00ed Boilie Pop-Up 10 mm CORN"},"content":{"rendered":"<div class=\"wpb-content-wrapper\"><p>[vc_row][vc_column][vc_column_text css=&#8220;&#8220; woodmart_inline=&#8220;no&#8220; text_larger=&#8220;no&#8220;]<\/p>\n<article class=\"text-token-text-primary w-full focus:outline-none [--shadow-height:45px] has-data-writing-block:pointer-events-none has-data-writing-block:-mt-(--shadow-height) has-data-writing-block:pt-(--shadow-height) [&amp;:has([data-writing-block])&gt;*]:pointer-events-auto [content-visibility:auto] supports-[content-visibility:auto]:[contain-intrinsic-size:auto_100lvh] scroll-mt-[calc(var(--header-height)+min(200px,max(70px,20svh)))]\" dir=\"auto\" tabindex=\"-1\" data-turn-id=\"request-WEB:29cadd7d-a1fc-4150-b054-413d0aa9c173-11\" data-testid=\"conversation-turn-24\" data-scroll-anchor=\"true\" data-turn=\"assistant\">\n<div class=\"text-base my-auto mx-auto pb-10 [--thread-content-margin:--spacing(4)] thread-sm:[--thread-content-margin:--spacing(6)] thread-lg:[--thread-content-margin:--spacing(16)] px-(--thread-content-margin)\">\n<div class=\"[--thread-content-max-width:40rem] thread-lg:[--thread-content-max-width:48rem] mx-auto max-w-(--thread-content-max-width) flex-1 group\/turn-messages focus-visible:outline-hidden relative flex w-full min-w-0 flex-col agent-turn\" tabindex=\"-1\">\n<div class=\"flex max-w-full flex-col grow\">\n<div class=\"min-h-8 text-message relative flex w-full flex-col items-end gap-2 text-start break-words whitespace-normal [.text-message+&amp;]:mt-1\" dir=\"auto\" data-message-author-role=\"assistant\" data-message-id=\"6201b6f4-abd7-4bc9-93aa-6c923e9506de\" data-message-model-slug=\"gpt-5\">\n<div class=\"flex w-full flex-col gap-1 empty:hidden first:pt-[1px]\">\n<div class=\"markdown prose dark:prose-invert w-full break-words light markdown-new-styling\">\n<p style=\"text-align: left;\" data-start=\"0\" data-end=\"411\">Boilies POP UPS \u2013 Kuku\u0159ice (Corn) 10 mm \u2013 jsou vyr\u00e1b\u011bny z vysoce kvalitn\u00ed sm\u011bsi vlastn\u00ed receptury, kter\u00e1 se skl\u00e1d\u00e1 z p\u0159\u00edrodn\u00edch ingredienc\u00ed a aminokyselin evropsk\u00fdch zna\u010dek. Jasn\u00e9 barvy pop-upu dokonale zv\u00fdraz\u0148uj\u00ed n\u00e1strahu na pozad\u00ed dna a krmen\u00ed. Obsahuj\u00ed UV pigment, d\u00edky \u010demu\u017e sv\u00edt\u00ed pod ultrafialov\u00fdm sv\u011btlem a jsou obzvl\u00e1\u0161t\u011b \u00fa\u010dinn\u00e9 p\u0159i rybolovu za zata\u017een\u00e9ho po\u010das\u00ed, v hloubk\u00e1ch nad 3 metry a v kaln\u00e9 vod\u011b.<\/p>\n<p style=\"text-align: left;\" data-start=\"413\" data-end=\"807\" data-is-last-node=\"\" data-is-only-node=\"\">Na\u0161e pop-upy maj\u00ed m\u011bkkou, ale pru\u017enou strukturu \u2013 snadno se nasazuj\u00ed na jehlu, ani\u017e by praskaly. Vysok\u00e1 vztlakov\u00e1 s\u00edla pop-upu umo\u017e\u0148uje kombinovan\u00e9 prezentace s b\u011b\u017en\u00fdmi boilies, peletami nebo p\u0159\u00edrodn\u00edmi n\u00e1strahami (kuku\u0159ice, hr\u00e1ch, tyg\u0159\u00ed o\u0159ech apod.), \u010d\u00edm\u017e zvedaj\u00ed n\u00e1strahu nad dno. D\u00edky tomu je pro ryby atraktivn\u011bj\u0161\u00ed a viditeln\u011bj\u0161\u00ed a umo\u017e\u0148uje vytv\u00e1\u0159et vlastn\u00ed chu\u0165ov\u00e9 mixy \u2013 tzv. \u201esn\u011bhul\u00e1ky\u201c.<\/p>\n<\/div>\n<\/div>\n<\/div>\n<\/div>\n<div class=\"z-0 flex min-h-[46px] justify-start\" style=\"text-align: left;\"><\/div>\n<div class=\"mt-3 w-full empty:hidden\" style=\"text-align: left;\">\n<div class=\"text-center\"><\/div>\n<\/div>\n<\/div>\n<\/div>\n<\/article>\n<div class=\"pointer-events-none h-px w-px\" style=\"text-align: left;\" aria-hidden=\"true\" data-edge=\"true\"><\/div>\n<p>[\/vc_column_text][\/vc_column][\/vc_row]<\/p>\n<\/div>","protected":false},"excerpt":{"rendered":"<p>[vc_row][vc_column][vc_column_text css=&#8220;&#8220; woodmart_inline=&#8220;no&#8220; text_larger=&#8220;no&#8220;] Boilies POP UPS \u2013 Kuku\u0159ice (Corn) 10 mm \u2013 jsou vyr\u00e1b\u011bny z vysoce kvalitn\u00ed sm\u011bsi vlastn\u00ed<\/p>\n","protected":false},"featured_media":4247,"template":"","meta":[],"product_brand":[64],"product_cat":[190,195],"product_tag":[],"class_list":{"0":"post-4246","1":"product","2":"type-product","3":"status-publish","4":"has-post-thumbnail","6":"product_brand-profmontaz","7":"product_cat-krmeni","8":"product_cat-plovouci-boilie-pop-up-10-mm","10":"first","11":"instock","12":"taxable","13":"shipping-taxable","14":"purchasable","15":"product-type-simple"},"_links":{"self":[{"href":"https:\/\/profmontaz.cz\/velkoobchod\/wp-json\/wp\/v2\/product\/4246","targetHints":{"allow":["GET"]}}],"collection":[{"href":"https:\/\/profmontaz.cz\/velkoobchod\/wp-json\/wp\/v2\/product"}],"about":[{"href":"https:\/\/profmontaz.cz\/velkoobchod\/wp-json\/wp\/v2\/types\/product"}],"wp:featuredmedia":[{"embeddable":true,"href":"https:\/\/profmontaz.cz\/velkoobchod\/wp-json\/wp\/v2\/media\/4247"}],"wp:attachment":[{"href":"https:\/\/profmontaz.cz\/velkoobchod\/wp-json\/wp\/v2\/media?parent=4246"}],"wp:term":[{"taxonomy":"product_brand","embeddable":true,"href":"https:\/\/profmontaz.cz\/velkoobchod\/wp-json\/wp\/v2\/product_brand?post=4246"},{"taxonomy":"product_cat","embeddable":true,"href":"https:\/\/profmontaz.cz\/velkoobchod\/wp-json\/wp\/v2\/product_cat?post=4246"},{"taxonomy":"product_tag","embeddable":true,"href":"https:\/\/profmontaz.cz\/velkoobchod\/wp-json\/wp\/v2\/product_tag?post=4246"}],"curies":[{"name":"wp","href":"https:\/\/api.w.org\/{rel}","templated":true}]}}