{"id":4528,"date":"2025-11-14T20:14:00","date_gmt":"2025-11-14T19:14:00","guid":{"rendered":"https:\/\/profmontaz.cz\/velkoobchod\/?post_type=product&#038;p=4528"},"modified":"2025-11-14T20:46:15","modified_gmt":"2025-11-14T19:46:15","slug":"method-feeder-flat-method-10-kusu-bal","status":"publish","type":"product","link":"https:\/\/profmontaz.cz\/velkoobchod\/produkt\/method-feeder-flat-method-10-kusu-bal\/","title":{"rendered":"Method Feeder Flat-Method (10 kus\u016f\/bal)"},"content":{"rendered":"<div class=\"wpb-content-wrapper\"><p>[vc_row][vc_column]\t\t<div id=\"wd-68f102fecf7ec\" class=\"wd-text-block wd-wpb reset-last-child wd-rs-68f102fecf7ec text-center vc_custom_1760625421395\">\n\t\t\t<p>Krm\u00edtko Flat-Method \u2013 m\u00e1 nejvy\u0161\u0161\u00ed kvalitu zpracov\u00e1n\u00ed, plastov\u00e1 \u010d\u00e1st je pevn\u00e1 a spolehliv\u00e1, vyroben\u00e1 z prvotn\u00edho materi\u00e1lu, z\u00e1t\u011b\u017e je pevn\u011b p\u0159ipevn\u011bna pomoc\u00ed n\u00fdt\u016f. Ka\u017ed\u00e9 krm\u00edtko je vybaveno silikonov\u00fdm krytem. Zvl\u00e1\u0161tnost\u00ed Flat-Method jsou \u017eebra, kter\u00e1 jsou rozm\u00edst\u011bna po obvodu. Takov\u00e9 krm\u00edtko je ide\u00e1ln\u00ed pro pou\u017eit\u00ed s n\u00e1vnadou typu Method. \u0160irok\u00fd vnit\u0159n\u00ed prostor umo\u017e\u0148uje pou\u017eit\u00ed n\u00e1strah jak\u00e9koli velikosti. Spodn\u00ed poloha z\u00e1t\u011b\u017ee zabra\u0148uje p\u0159ekulen\u00ed krm\u00edtka na hran\u00e1ch a svaz\u00edch dna a zaji\u0161\u0165uje v\u017edy kvalitn\u00ed prezentaci krmen\u00ed i n\u00e1strahy pro ryby. Krm\u00edtka Flat-Method 70, 80, 90 a 100 g maj\u00ed posunut\u00e9 t\u011b\u017ei\u0161t\u011b, co\u017e umo\u017e\u0148uje snadn\u00e9 a p\u0159esn\u00e9 n\u00e1hozy, i za bo\u010dn\u00edho v\u011btru. Pro pohodln\u00e9 a spr\u00e1vn\u00e9 pln\u011bn\u00ed krm\u00edtka n\u00e1vnadou je nejlep\u0161\u00ed pou\u017e\u00edvat lisovac\u00ed formu ProfMontazh. Klasick\u00fd ov\u00e1ln\u00fd tvar a standardn\u00ed velikost jsou vhodn\u00e9 pro v\u011bt\u0161inu podm\u00ednek rybolovu.<\/p>\n\t\t<\/div>\n\t\t[\/vc_column][\/vc_row][vc_row][vc_column][vc_column_text css=&#8220;&#8220; woodmart_inline=&#8220;no&#8220; text_larger=&#8220;no&#8220;]<\/p>\n<p>[\/vc_column_text][\/vc_column][\/vc_row]<\/p>\n<\/div>","protected":false},"excerpt":{"rendered":"<p>[vc_row][vc_column][\/vc_column][\/vc_row][vc_row][vc_column][vc_column_text css=&#8220;&#8220; woodmart_inline=&#8220;no&#8220; text_larger=&#8220;no&#8220;] [\/vc_column_text][\/vc_column][\/vc_row]<\/p>\n","protected":false},"featured_media":2824,"template":"","meta":[],"product_brand":[64],"product_cat":[15,101],"product_tag":[234],"class_list":{"0":"post-4528","1":"product","2":"type-product","3":"status-publish","4":"has-post-thumbnail","6":"product_brand-profmontaz","7":"product_cat-rybarska-krmitka","8":"product_cat-method-feederova-krmitka","9":"product_tag-method-feeder","11":"first","12":"instock","13":"taxable","14":"shipping-taxable","15":"purchasable","16":"product-type-variable"},"_links":{"self":[{"href":"https:\/\/profmontaz.cz\/velkoobchod\/wp-json\/wp\/v2\/product\/4528","targetHints":{"allow":["GET"]}}],"collection":[{"href":"https:\/\/profmontaz.cz\/velkoobchod\/wp-json\/wp\/v2\/product"}],"about":[{"href":"https:\/\/profmontaz.cz\/velkoobchod\/wp-json\/wp\/v2\/types\/product"}],"wp:featuredmedia":[{"embeddable":true,"href":"https:\/\/profmontaz.cz\/velkoobchod\/wp-json\/wp\/v2\/media\/2824"}],"wp:attachment":[{"href":"https:\/\/profmontaz.cz\/velkoobchod\/wp-json\/wp\/v2\/media?parent=4528"}],"wp:term":[{"taxonomy":"product_brand","embeddable":true,"href":"https:\/\/profmontaz.cz\/velkoobchod\/wp-json\/wp\/v2\/product_brand?post=4528"},{"taxonomy":"product_cat","embeddable":true,"href":"https:\/\/profmontaz.cz\/velkoobchod\/wp-json\/wp\/v2\/product_cat?post=4528"},{"taxonomy":"product_tag","embeddable":true,"href":"https:\/\/profmontaz.cz\/velkoobchod\/wp-json\/wp\/v2\/product_tag?post=4528"}],"curies":[{"name":"wp","href":"https:\/\/api.w.org\/{rel}","templated":true}]}}