{"id":4555,"date":"2025-11-17T14:40:29","date_gmt":"2025-11-17T13:40:29","guid":{"rendered":"https:\/\/profmontaz.cz\/velkoobchod\/?post_type=product&#038;p=4555"},"modified":"2025-11-17T14:53:42","modified_gmt":"2025-11-17T13:53:42","slug":"method-feeder-flat-pellet-individualni-baleni-1-kus-bal","status":"publish","type":"product","link":"https:\/\/profmontaz.cz\/velkoobchod\/produkt\/method-feeder-flat-pellet-individualni-baleni-1-kus-bal\/","title":{"rendered":"Method Feeder Flat-Pellet Individu\u00e1ln\u00ed balen\u00ed (1 kus\/bal)"},"content":{"rendered":"<div class=\"wpb-content-wrapper\"><p>[vc_row][vc_column]\t\t<div id=\"wd-68444e8e97995\" class=\"wd-text-block wd-wpb reset-last-child wd-rs-68444e8e97995 text-center vc_custom_1749307025224\">\n\t\t\t<p>Krm\u00edtko Flat-Pellet\u00a0 \u2013 inovativn\u00ed krm\u00edtko, kter\u00e9 umo\u017e\u0148uje snadn\u00e9 a rychl\u00e9 pln\u011bn\u00ed n\u00e1vnadou jedn\u00edm stiskem prstu, bez pou\u017eit\u00ed lisovac\u00ed formy. Kompaktn\u00ed, ale objemn\u00fd rozm\u011br je vhodn\u00fd pro v\u011bt\u0161inu podm\u00ednek rybolovu. D\u00edky hrot\u016fm na dn\u011b krm\u00edtka a vysok\u00fdm \u0161ikm\u00fdm okraj\u016fm z\u016fst\u00e1v\u00e1 krmivo spolehliv\u011b uvnit\u0159 p\u0159i n\u00e1hozu i n\u00e1razu do vody. Krm\u00edtko Flat-Pellet je univerz\u00e1ln\u00ed a vhodn\u00e9 pro v\u0161echny typy method krmiv, ale nejlep\u0161\u00edch v\u00fdsledk\u016f a pohodl\u00ed dos\u00e1hnete p\u0159i pou\u017eit\u00ed s peletami o velikosti 2\u20133 mm. Voln\u00e9 vnit\u0159n\u00ed uspo\u0159\u00e1d\u00e1n\u00ed umo\u017e\u0148uje ide\u00e1ln\u00ed prezentaci n\u00e1strahy a\u017e do 20 mm v pr\u016fm\u011bru. Mont\u00e1\u017ee s krm\u00edtkem Flat-Pellet jsou skv\u011bl\u00e9 pro lov ryb se spodn\u00edm zp\u016fsobem krmen\u00ed: kapr, karas, l\u00edn, cejn atd. \u0160irok\u00fd v\u00fdb\u011br hmotnost\u00ed od 30g do 100g umo\u017en\u00ed zvolit ide\u00e1ln\u00ed variantu pro jak\u00e9koli ryb\u00e1\u0159sk\u00e9 podm\u00ednky.<\/p>\n\t\t<\/div>\n\t\t[\/vc_column][\/vc_row][vc_row][vc_column][vc_column_text css=&#8220;&#8220; woodmart_inline=&#8220;no&#8220; text_larger=&#8220;no&#8220;]<\/p>\n<p>[\/vc_column_text][\/vc_column][\/vc_row]<\/p>\n<\/div>","protected":false},"excerpt":{"rendered":"<p>[vc_row][vc_column][\/vc_column][\/vc_row][vc_row][vc_column][vc_column_text css=&#8220;&#8220; woodmart_inline=&#8220;no&#8220; text_larger=&#8220;no&#8220;] [\/vc_column_text][\/vc_column][\/vc_row]<\/p>\n","protected":false},"featured_media":4565,"template":"","meta":[],"product_brand":[64],"product_cat":[15,101],"product_tag":[234],"class_list":{"0":"post-4555","1":"product","2":"type-product","3":"status-publish","4":"has-post-thumbnail","6":"product_brand-profmontaz","7":"product_cat-rybarska-krmitka","8":"product_cat-method-feederova-krmitka","9":"product_tag-method-feeder","11":"first","12":"instock","13":"taxable","14":"shipping-taxable","15":"purchasable","16":"product-type-variable"},"_links":{"self":[{"href":"https:\/\/profmontaz.cz\/velkoobchod\/wp-json\/wp\/v2\/product\/4555","targetHints":{"allow":["GET"]}}],"collection":[{"href":"https:\/\/profmontaz.cz\/velkoobchod\/wp-json\/wp\/v2\/product"}],"about":[{"href":"https:\/\/profmontaz.cz\/velkoobchod\/wp-json\/wp\/v2\/types\/product"}],"wp:featuredmedia":[{"embeddable":true,"href":"https:\/\/profmontaz.cz\/velkoobchod\/wp-json\/wp\/v2\/media\/4565"}],"wp:attachment":[{"href":"https:\/\/profmontaz.cz\/velkoobchod\/wp-json\/wp\/v2\/media?parent=4555"}],"wp:term":[{"taxonomy":"product_brand","embeddable":true,"href":"https:\/\/profmontaz.cz\/velkoobchod\/wp-json\/wp\/v2\/product_brand?post=4555"},{"taxonomy":"product_cat","embeddable":true,"href":"https:\/\/profmontaz.cz\/velkoobchod\/wp-json\/wp\/v2\/product_cat?post=4555"},{"taxonomy":"product_tag","embeddable":true,"href":"https:\/\/profmontaz.cz\/velkoobchod\/wp-json\/wp\/v2\/product_tag?post=4555"}],"curies":[{"name":"wp","href":"https:\/\/api.w.org\/{rel}","templated":true}]}}