{"id":4725,"date":"2026-03-07T13:23:01","date_gmt":"2026-03-07T12:23:01","guid":{"rendered":"https:\/\/profmontaz.cz\/velkoobchod\/?post_type=product&#038;p=4725"},"modified":"2026-03-07T14:56:29","modified_gmt":"2026-03-07T13:56:29","slug":"rozebiratelna-zatez-ceburaska-16g-40g-5-kusu-bal","status":"publish","type":"product","link":"https:\/\/profmontaz.cz\/velkoobchod\/produkt\/rozebiratelna-zatez-ceburaska-16g-40g-5-kusu-bal\/","title":{"rendered":"Rozeb\u00edrateln\u00e1 z\u00e1t\u011b\u017e \u010cebura\u0161ka 16g-40g (5 kus\u016f\/bal)"},"content":{"rendered":"<div class=\"wpb-content-wrapper\"><p>[vc_row][vc_column][vc_column_text css=&#8220;&#8220; woodmart_inline=&#8220;no&#8220; text_larger=&#8220;no&#8220;]<\/p>\n<div class=\"wd-single-content wd-wpb wd-rs-67bc92733b170 vc_custom_1740411516853\">\n<div class=\"wpb-content-wrapper\">\n<div class=\"vc_row wpb_row vc_row-fluid\">\n<div class=\"wpb_column vc_column_container vc_col-sm-12\">\n<div class=\"vc_column-inner\">\n<div class=\"wpb_wrapper\">\n<div id=\"wd-69a87a0a94655\" class=\"wd-text-block wd-wpb reset-last-child wd-rs-69a87a0a94655 text-center vc_custom_1772648979595\">\n<p>Rozeb\u00edrateln\u00e1 z\u00e1t\u011b\u017e \u010cebura\u0161ka\u00a0 je univerz\u00e1ln\u00ed typ ryb\u00e1\u0159sk\u00e9ho olova, kter\u00fd je ide\u00e1ln\u00ed pro r\u016fzn\u00e9 styly rybolovu, v\u010detn\u011b p\u0159\u00edvla\u010de. Jeho rozeb\u00edrateln\u00e1 konstrukce umo\u017e\u0148uje snadnou zm\u011bnu hmotnosti, co\u017e je d\u016fle\u017eit\u00e9 p\u0159i p\u0159\u00edvla\u010di, kde je pot\u0159eba p\u0159esn\u00e9 nastaven\u00ed mont\u00e1\u017ee podle r\u016fzn\u00fdch podm\u00ednek. D\u00edky \u201eou\u0161k\u016fm\u201c zaji\u0161\u0165uje spolehliv\u00e9 upevn\u011bn\u00ed k vlasci nebo n\u00e1vazci, co\u017e je praktick\u00e9 p\u0159i rychl\u00e9 mont\u00e1\u017ei. Rozeb\u00edrateln\u00e9 olovo Vucha\u0148 je skv\u011bl\u00e9 pro nahazov\u00e1n\u00ed na velk\u00e9 vzd\u00e1lenosti, kter\u00e9 jsou pot\u0159ebn\u00e9 p\u0159i lovu drav\u00fdch ryb.<\/p>\n<\/div>\n<\/div>\n<\/div>\n<\/div>\n<\/div>\n<div class=\"vc_row wpb_row vc_row-fluid\">\n<div class=\"wpb_column vc_column_container vc_col-sm-12\">\n<div class=\"vc_column-inner\">\n<div class=\"wpb_wrapper\">\n<div class=\"wpb_text_column wpb_content_element\">\n<div class=\"wpb_wrapper\"><\/div>\n<\/div>\n<\/div>\n<\/div>\n<\/div>\n<\/div>\n<\/div>\n<\/div>\n<div>\n<div>\n<div class=\"custom-product-attributes\"><\/div>\n<\/div>\n<\/div>\n<p style=\"text-align: left;\" data-start=\"20\" data-end=\"273\"><strong data-start=\"506\" data-end=\"533\">\u00fdmi typy dna.a<\/strong> ve vod\u00e1ch s r\u016fzn\u00fdmi typy dna.<\/p>\n<p>[\/vc_column_text][\/vc_column][\/vc_row][vc_row][vc_column][vc_column_text css=&#8220;&#8220; woodmart_inline=&#8220;no&#8220; text_larger=&#8220;no&#8220;]<\/p>\n<p>[\/vc_column_text][\/vc_column][\/vc_row]<\/p>\n<\/div>","protected":false},"excerpt":{"rendered":"<p>[vc_row][vc_column][vc_column_text css=&#8220;&#8220; woodmart_inline=&#8220;no&#8220; text_larger=&#8220;no&#8220;] Rozeb\u00edrateln\u00e1 z\u00e1t\u011b\u017e \u010cebura\u0161ka\u00a0 je univerz\u00e1ln\u00ed typ ryb\u00e1\u0159sk\u00e9ho olova, kter\u00fd je ide\u00e1ln\u00ed pro r\u016fzn\u00e9 styly rybolovu, v\u010detn\u011b<\/p>\n","protected":false},"featured_media":4739,"template":"","meta":[],"product_brand":[64],"product_cat":[256,111,255],"product_tag":[],"class_list":{"0":"post-4725","1":"product","2":"type-product","3":"status-publish","4":"has-post-thumbnail","6":"product_brand-profmontaz","7":"product_cat-ceburasky","8":"product_cat-vlaceci-nastrahy","9":"product_cat-zateze-pro-privlac","11":"first","12":"instock","13":"taxable","14":"shipping-taxable","15":"purchasable","16":"product-type-variable"},"_links":{"self":[{"href":"https:\/\/profmontaz.cz\/velkoobchod\/wp-json\/wp\/v2\/product\/4725","targetHints":{"allow":["GET"]}}],"collection":[{"href":"https:\/\/profmontaz.cz\/velkoobchod\/wp-json\/wp\/v2\/product"}],"about":[{"href":"https:\/\/profmontaz.cz\/velkoobchod\/wp-json\/wp\/v2\/types\/product"}],"wp:featuredmedia":[{"embeddable":true,"href":"https:\/\/profmontaz.cz\/velkoobchod\/wp-json\/wp\/v2\/media\/4739"}],"wp:attachment":[{"href":"https:\/\/profmontaz.cz\/velkoobchod\/wp-json\/wp\/v2\/media?parent=4725"}],"wp:term":[{"taxonomy":"product_brand","embeddable":true,"href":"https:\/\/profmontaz.cz\/velkoobchod\/wp-json\/wp\/v2\/product_brand?post=4725"},{"taxonomy":"product_cat","embeddable":true,"href":"https:\/\/profmontaz.cz\/velkoobchod\/wp-json\/wp\/v2\/product_cat?post=4725"},{"taxonomy":"product_tag","embeddable":true,"href":"https:\/\/profmontaz.cz\/velkoobchod\/wp-json\/wp\/v2\/product_tag?post=4725"}],"curies":[{"name":"wp","href":"https:\/\/api.w.org\/{rel}","templated":true}]}}